000
CXUS51 KALY 011042
CLMPOU

CLIMATE REPORT
NATIONAL WEATHER SERVICE ALBANY NY
542 AM EST SUN NOV 01 2020

...................................

...THE POUGHKEEPSIE NY CLIMATE SUMMARY FOR THE MONTH OF OCTOBER 2020...

CLIMATE NORMAL PERIOD: 1981 TO 2010
CLIMATE RECORD PERIOD: 1931 TO 2020

WEATHER         OBSERVED          NORMAL  DEPART   LAST YEAR`S
                VALUE   DATE(S)   VALUE   FROM     VALUE DATE(S)
                                          NORMAL
................................................................
TEMPERATURE (F)
RECORD
 HIGH             91   10/05/1941
 LOW              18   10/31/1988
                       10/20/1974
                       10/21/1952
HIGHEST           77   10/10                          88  10/02
LOWEST            23   10/31                          30  10/19
AVG. MAXIMUM    63.6               63.1     0.5     64.8
AVG. MINIMUM    43.5               39.0     4.5     44.4
MEAN            53.6               51.0     2.6     54.6
DAYS MAX >= 90     0                0.0     0.0        0
DAYS MAX <= 32     0                0.0     0.0        0
DAYS MIN <= 32     3                7.8    -4.8        2
DAYS MIN <= 0      0                0.0     0.0        0

PRECIPITATION (INCHES)
RECORD
 MAXIMUM       17.59   2005
 MINIMUM        0.36   1963
TOTALS          3.38               4.47   -1.09     5.33
DAILY AVG.      0.11                                0.17
DAYS >= .01       10                9.1     0.9       12
DAYS >= .10        7                6.2     0.8        9
DAYS >= .50        2                2.8    -0.8        3
DAYS >= 1.00       1                1.3    -0.3        1
GREATEST
 24 HR. TOTAL   1.51   10/29 TO 10/30


DEGREE DAYS
HEATING TOTAL    348                436     -88      328
 SINCE 7/1       445                578    -133      395
COOLING TOTAL      3                  4      -1       13
 SINCE 1/1      1020                672     348      808
................................................................

WIND (MPH)
AVERAGE WIND SPEED              3.8
HIGHEST WIND SPEED/DIRECTION    31/280    DATE  10/07
HIGHEST GUST SPEED/DIRECTION    41/290    DATE  10/07

SKY COVER
AVERAGE SKY COVER           0.48

AVERAGE RH (PERCENT)     74

WEATHER CONDITIONS. NUMBER OF DAYS WITH
THUNDERSTORM              0     MIXED PRECIP               0
HEAVY RAIN                1     RAIN                       5
LIGHT RAIN               11     FREEZING RAIN              0
LT FREEZING RAIN          0     HAIL                       0
HEAVY SNOW                0     SNOW                       0
LIGHT SNOW                1     SLEET                      0
FOG                      17     FOG W/VIS <= 1/4 MILE      3
HAZE                      0

-  INDICATES NEGATIVE NUMBERS.
R  INDICATES RECORD WAS SET OR TIED.
MM INDICATES DATA IS MISSING.
T  INDICATES TRACE AMOUNT.

$$
