899
CXZS50 NSTU 052120
CLMPPG


CLIMATE REPORT
NATIONAL WEATHER SERVICE PAGO PAGO AS
1020 AM SST THU NOV 5 2020

.....................................

...THE PAGO PAGO AIRPORT CLIMATE SUMMARY FOR THE MONTH OF JULY 2020...

CLIMATE NORMAL PERIOD 1981 TO 2010
CLIMATE RECORD PERIOD 1956 TO 2020

WEATHER ITEM      OBSERVED    DATES       NORMAL      DEPARTURE   LAST YEAR
                  VALUE                   VALUE       FROM        VALUE DATE(S)
                                                      NORMAL
.............................................................................
TEMPERATURE (F)
RECORD
 HIGH             91         7/28/2002
 LOW              62         7/04/1964

HIGHEST           88         7/01         84          4           88 7/17

LOWEST            73         7/15         76         -3           75 7/29
                                                                     7/26
                                                                     7/20
                                                                     7/19
                                                                     7/06

AVG. MAXIMUM      85.1                    84.2        0.9         84.4
AVG. MINIMUM      77.9                    76.3        1.6         77.7
MEAN              81.5                    80.3        1.2         81.1
DAYS MAX >= 90     0                       0.2       -0.2          0
DAYS MAX <= 32     0                       0.0        0.0          0
DAYS MIN <= 32     0                       0.0        0.0          0
DAYS MIN <= 0      0                       0.0        0.0          0

PRECIPITATION (INCHES)
RECORD
 MAXIMUM          19.59      1972
 MINIMUM           0.72      1987
TOTALS            11.17                   6.47        4.70        17.53
DAILY AVG.         0.36                   0.21        0.15         0.57
DAYS >= .01       25                     19.3         5.7         27
DAYS >= .10       17                     10.4         6.6         18
DAYS >= .50        6                      3.8         2.2          9
DAYS >= 1.00       3                      1.9         1.1          4
GREATEST
 24 HR. TOTAL      3.03     7/14 TO 15                     6.07 7/23 TO 24

DEGREE DAYS
HEATING TOTAL     000                     00          00          00
SINCE 1/1         000                     00          00          00
COOLING TOTAL     520                    473          47         503
SINCE 1/1        3797                   3583         214        3770

WIND (MPH)
AVERAGE WIND SPEED 12.9
HIGHEST WIND SPEED/DIRECTION   30/130     DATE 7/13
HIGHEST GUST SPEED/DIRECTION   MM         DATE MM

SKY COVER
POSSIBLE SUNSHINE (PERCENT)    MM
AVERAGE SKY COVER               5.7
NUMBER OF DAYS FAIR             0
NUMBER OF DAYS PC              21
NUMBER OF DAYS CLOUDY          10

AVERAGE RH (PERCENT)           83.9

WEATHER CONDITIONS NUMBER OF DAYS WITH
THUNDERSTORM             3    MIXED PRECIP            00
HEAVY RAIN               8    RAIN                    00
LIGHT RAIN              27    FREEZING RAIN           00
LT FREEZING RAIN        00    HAIL                    00
HEAVY SNOW              00    SNOW                    00
LIGHT SNOW              00    SLEET                   00
FOG                     00    FOG W/VIS <= 1/4 MILE   00
HAZE                    00

- INDICATES NEGATIVE NUMBERS
R INDICATES RECORD WAS SET OR TIED
MM INDICATES DATA IS MISSING
T INDICATES TRACE AMOUNTTEMPERATURE (F)
