000
CXUS56 KPDT 020107
CLMPSC

CLIMATE REPORT
NATIONAL WEATHER SERVICE PENDLETON OR
507 PM PST TUE DEC 01 2020

...................................

...THE PASCO WA CLIMATE SUMMARY FOR THE MONTH OF NOVEMBER 2020...

CLIMATE NORMAL PERIOD 1981 TO 2010
CLIMATE RECORD PERIOD 1894 TO 2020

WEATHER         OBSERVED          NORMAL  DEPART   LAST YEAR`S
                VALUE   DATE(S)   VALUE   FROM     VALUE
                                          NORMAL
..............................................................
TEMPERATURE (F)
RECORD
 HIGH             78   11/13/1999
 LOW              -7   11/24/2010
HIGHEST           75   11/04         MM      MM
LOWEST            22   11/09         MM      MM
AVG. MAXIMUM    52.4               50.2     2.2
AVG. MINIMUM    32.5               32.4     0.1
MEAN            42.4               41.3     1.1
DAYS MAX >= 90     0                0.0     0.0
DAYS MAX <= 32     0                0.9    -0.9
DAYS MIN <= 32    18               15.0     3.0
DAYS MIN <= 0      0                0.2    -0.2

PRECIPITATION (INCHES)
RECORD
 MAXIMUM        1.21   2020
 MINIMUM        0.18   2019
TOTALS          1.21R              1.09    0.12
DAILY AVG.      0.04               0.04    0.00
DAYS >= .01       11                 MM      MM
DAYS >= .10        4                 MM      MM
DAYS >= .50        1                 MM      MM
DAYS >= 1.00       0                 MM      MM
GREATEST
 24 HR. TOTAL   0.86   11/05 TO 11/06
 STORM TOTAL    0.64
 (MM/DD(HH))


DEGREE DAYS
HEATING TOTAL    670                711     -41
 SINCE 7/1      1054               1228    -174
COOLING TOTAL      0                  0       0
 SINCE 1/1      1006                710     296

FREEZE DATES
RECORD
 EARLIEST     MM
 LATEST       MM
EARLIEST                        10/06
LATEST                          05/09
..............................................................

WIND (MPH)
AVERAGE WIND SPEED              7.1
HIGHEST WIND SPEED/DIRECTION    37/220    DATE  11/13
HIGHEST GUST SPEED/DIRECTION    48/230    DATE  11/13

SKY COVER
POSSIBLE SUNSHINE (PERCENT)   MM
AVERAGE SKY COVER           0.36
NUMBER OF DAYS FAIR           16
NUMBER OF DAYS PC             10
NUMBER OF DAYS CLOUDY          4

AVERAGE RH (PERCENT)     73

WEATHER CONDITIONS. NUMBER OF DAYS WITH
THUNDERSTORM              0     MIXED PRECIP               0
HEAVY RAIN                0     RAIN                       4
LIGHT RAIN               15     FREEZING RAIN              0
LT FREEZING RAIN          1     HAIL                       0
HEAVY SNOW                0     SNOW                       0
LIGHT SNOW                0     SLEET                      0
FOG                      16     FOG W/VIS <= 1/4 MILE      3
HAZE                      7

-  INDICATES NEGATIVE NUMBERS.
R  INDICATES RECORD WAS SET OR TIED.
MM INDICATES DATA IS MISSING.
T  INDICATES TRACE AMOUNT.

$$
