000
CXUS51 KALY 011405
CLMPSF

CLIMATE REPORT
NATIONAL WEATHER SERVICE ALBANY NY
905 AM EST TUE DEC 01 2020

...................................

...THE PITTSFIELD MA CLIMATE SUMMARY FOR THE MONTH OF NOVEMBER 2020...

CLIMATE NORMAL PERIOD: 1981 TO 2010
CLIMATE RECORD PERIOD: 9999 TO 9999

WEATHER         OBSERVED          NORMAL  DEPART   LAST YEAR`S
                VALUE   DATE(S)   VALUE   FROM     VALUE DATE(S)
                                          NORMAL
................................................................
TEMPERATURE (F)
HIGHEST           74   11/09                          66  11/01
LOWEST            18   11/18                          11  11/13
AVG. MAXIMUM    53.2               46.8     6.4     42.5
AVG. MINIMUM    32.3               28.9     3.4     25.6
MEAN            42.8               37.9     4.8     34.1
DAYS MAX >= 90     0                0.0     0.0        0
DAYS MAX <= 32     1                2.2    -1.2        3
DAYS MIN <= 32    17               20.2    -3.2       24
DAYS MIN <= 0      0                0.0     0.0        0

PRECIPITATION (INCHES)
TOTALS          3.77               3.93   -0.16     3.82
DAILY AVG.      0.13                                0.13
DAYS >= .01       12                                  11
DAYS >= .10        7                                   8
DAYS >= .50        4                                   3
DAYS >= 1.00       0                                   1
GREATEST
 24 HR. TOTAL   0.99   11/30 TO 11/30


DEGREE DAYS
HEATING TOTAL    659                815    -156      924
 SINCE 7/1      1293               1652    -359     1527
COOLING TOTAL      0                  0       0        0
 SINCE 1/1       581                290     291      416
................................................................

WIND (MPH)
AVERAGE WIND SPEED              7.0
HIGHEST WIND SPEED/DIRECTION    38/290    DATE  11/15
HIGHEST GUST SPEED/DIRECTION    53/290    DATE  11/15

SKY COVER
AVERAGE SKY COVER           0.49

AVERAGE RH (PERCENT)     71

WEATHER CONDITIONS. NUMBER OF DAYS WITH
THUNDERSTORM              0     MIXED PRECIP               0
HEAVY RAIN                3     RAIN                       6
LIGHT RAIN               12     FREEZING RAIN              0
LT FREEZING RAIN          0     HAIL                       0
HEAVY SNOW                0     SNOW                       1
LIGHT SNOW                4     SLEET                      0
FOG                      14     FOG W/VIS <= 1/4 MILE      1
HAZE                      2

-  INDICATES NEGATIVE NUMBERS.
R  INDICATES RECORD WAS SET OR TIED.
MM INDICATES DATA IS MISSING.
T  INDICATES TRACE AMOUNT.

$$
