000
CXUS56 KSGX 010936
CLMPSP


CLIMATE REPORT
NATIONAL WEATHER SERVICE SAN DIEGO, CA
135 AM PST TUE DEC 1 2020

...................................

...THE PALM SPRINGS INTL AIRPORT CA CLIMATE SUMMARY FOR THE MONTH OF NOVEMBER 2020...

CLIMATE NORMAL PERIOD 1981 TO 2010
CLIMATE RECORD PERIOD 1893 TO 2020

WEATHER         OBSERVED          NORMAL  DEPART  LAST YEAR`S
                 VALUE   DATE(S)  VALUE   FROM    VALUE  DATE(S)
                                          NORMAL
................................................................
TEMPERATURE (F)
RECORD
 HIGH             100   11/07/1991
 LOW               23   11/17/1964
HIGHEST            98   11/05        78      20       95  11/06
                        11/04
LOWEST             45   11/29        50      -5       41  11/30
                        11/08                             11/01
AVG. MAXIMUM     81.7              77.0     4.7     80.8
AVG. MINIMUM     54.4              51.9     2.5     54.4
MEAN             68.0              64.4     3.6     67.6
DAYS MAX >= 90      5               1.3     3.7        9
DAYS MAX <= 32      0               0.0     0.0        0
DAYS MIN <= 32      0               0.0     0.0        0

PRECIPITATION (INCHES)
RECORD
 MAXIMUM         6.35   1965
 MINIMUM         0.00   2006
                        2005
TOTALS           0.04              0.53   -0.49     0.79
DAILY AVG.       0.00              0.02   -0.02     0.03
DAYS >= .01         1                MM      MM        4
DAYS >= .10         0                MM      MM        2
DAYS >= .50         0                MM      MM        1
DAYS >= 1.00        0                MM      MM        0
GREATEST
 24 HR. TOTAL    0.04   11/07 TO 11/07           11/28 TO 11/28
                                                          11/26 TO 11/26EATHER         OBSERVED          NORMAL  DEPART  LAST YEAR`S
                                                          11/26 TO 11/26EATHER         OBSERVED          NORMAL  DEPART  LAST YEAR`S
 STORM TOTAL       MM                                 MM
 (MM/DD(HH))            MM                    11/28(00) TO 11/28(00)
                                                 11/26(00) TO 11/26(00)6EATHER         OBSERVED          NORMAL  DEPART  LAST YEAR`S
                                                 11/26(00) TO 11/26(00)6EATHER         OBSERVED          NORMAL  DEPART  LAST YEAR`S

DEGREE_DAYS
HEATING TOTAL      54                92     -38       85
 SINCE 7/1         54                96     -42       97
COOLING TOTAL     154                75      79      170
 SINCE 1/1       5109              4137     972     4517

FREEZE DATES
RECORD
 EARLIEST     10/24/1951
 LATEST       03/13/1956
EARLIEST                        12/16
LATEST                          01/29
.................................................................

WIND (MPH)
AVERAGE WIND SPEED              5.1
RESULTANT WIND SPEED/DIRECTION   2/335
HIGHEST WIND SPEED/DIRECTION    29/220    DATE  11/08
HIGHEST GUST SPEED/DIRECTION    50/230    DATE  11/08

SKY COVER
POSSIBLE SUNSHINE (PERCENT)   MM
AVERAGE SKY COVER           0.00
NUMBER OF DAYS FAIR           29
NUMBER OF DAYS PC              1
NUMBER OF DAYS CLOUDY          0

AVERAGE RH (PERCENT)     28

WEATHER CONDITIONS. NUMBER OF DAYS WITH
  0
  1
  0
  0
  0
  0
  0
HAZE                      0

-  INDICATES NEGATIVE NUMBERS.
R  INDICATES RECORD WAS SET OR TIED.
MM INDICATES DATA IS MISSING.
T  INDICATES TRACE AMOUNT.

$$
