000
CXUS55 KPUB 012310
CLMPUB

CLIMATE REPORT
NATIONAL WEATHER SERVICE
510 PM MDT TUE JUN 01 2021

...................................

...THE PUEBLO CO CLIMATE SUMMARY FOR THE MONTH OF MAY 2021...

CLIMATE NORMAL PERIOD 1991 TO 2020
CLIMATE RECORD PERIOD 1888 TO 2021

WEATHER         OBSERVED          NORMAL  DEPART   LAST YEAR`S
                VALUE   DATE(S)   VALUE   FROM     VALUE DATE(S)
                                          NORMAL
................................................................
TEMPERATURE (F)
RECORD
 HIGH            102   05/31/2002
                       05/30/2000
                       05/29/2000
 LOW              23   05/03/2013
                       05/03/2011
HIGHEST           91   05/01         80      11       97  05/30
LOWEST            35   05/11         40      -5       36  05/09
AVG. MAXIMUM    73.6               77.2    -3.6     82.1
AVG. MINIMUM    46.9               45.6     1.3     47.9
MEAN            60.2               61.4    -1.2     65.0
DAYS MAX >= 90     2                3.8    -1.8
DAYS MAX <= 32     0                0.0     0.0
DAYS MIN <= 32     0                1.5    -1.5
DAYS MIN <= 0      0                0.0     0.0

PRECIPITATION (INCHES)
RECORD
 MAXIMUM        5.55   2015
 MINIMUM           T   2004
TOTALS          4.95               1.57    3.38     0.27
DAILY AVG.      0.16               0.05    0.11
DAYS >= .01       13                7.9     5.1
DAYS >= .10        9                3.4     5.6
DAYS >= .50        4                0.8     3.2
DAYS >= 1.00       1                0.4     0.6
GREATEST
 24 HR. TOTAL   1.71   05/17 TO 05/18

SNOWFALL (INCHES)
RECORDS
 TOTAL          10.6   1990
TOTALS             T                0.0     0.0      0.0
SINCE 7/1       37.4               28.3     9.1       MM
SNOWDEPTH AVG.     0
DAYS >= 1.0        0                0.0     0.0
GREATEST
 SNOW DEPTH        0                                   0
 24 HR TOTAL       T   05/11 TO 05/11                0.0

DEGREE DAYS
HEATING TOTAL    173                158      15       91
 SINCE 7/1      5442               5318     124       MM
COOLING TOTAL     33                 47     -14       98
 SINCE 1/1        36                 49     -13       MM
................................................................

WIND (MPH)
AVERAGE WIND SPEED              9.2
HIGHEST WIND SPEED/DIRECTION    46/010    DATE  05/02
HIGHEST GUST SPEED/DIRECTION    60/030    DATE  05/30

SKY COVER
POSSIBLE SUNSHINE (PERCENT)   MM
AVERAGE SKY COVER           0.36
NUMBER OF DAYS FAIR           19
NUMBER OF DAYS PC              5
NUMBER OF DAYS CLOUDY          7

AVERAGE RH (PERCENT)     58

WEATHER CONDITIONS. NUMBER OF DAYS WITH
THUNDERSTORM              8     MIXED PRECIP               0
HEAVY RAIN                6     RAIN                       9
LIGHT RAIN               17     FREEZING RAIN              0
LT FREEZING RAIN          0     HAIL                       5
HEAVY SNOW                0     SNOW                       0
LIGHT SNOW                1     SLEET                      0
FOG                      10     FOG W/VIS <= 1/4 MILE      1
HAZE                      3

-  INDICATES NEGATIVE NUMBERS.
R  INDICATES RECORD WAS SET OR TIED.
MM INDICATES DATA IS MISSING.
T  INDICATES TRACE AMOUNT.

$$
