000
CXUS55 KPUB 011842
CLMPUB

CLIMATE REPORT
NATIONAL WEATHER SERVICE
1142 AM MST SUN NOV 01 2020

...................................

...THE PUEBLO CO CLIMATE SUMMARY FOR THE MONTH OF OCTOBER 2020...

CLIMATE NORMAL PERIOD 1981 TO 2010
CLIMATE RECORD PERIOD 1888 TO 2020

WEATHER         OBSERVED          NORMAL  DEPART   LAST YEAR`S
                VALUE   DATE(S)   VALUE   FROM     VALUE DATE(S)
                                          NORMAL
................................................................
TEMPERATURE (F)
RECORD
 HIGH             94   10/03/2018
                       10/11/2015
                       10/16/1991
 LOW              -8   10/27/2020
HIGHEST           94R  10/14         76      18       87  10/08
LOWEST            -8R  10/27         28     -36       -6  10/30
AVG. MAXIMUM    70.3               69.4     0.9     63.3
AVG. MINIMUM    32.8               34.2    -1.4     29.1
MEAN            51.5               51.8    -0.3     46.2
DAYS MAX >= 90     2                0.3     1.7
DAYS MAX <= 32     1                0.1     0.9
DAYS MIN <= 32    14               11.9     2.1
DAYS MIN <= 0      2                0.0     2.0

PRECIPITATION (INCHES)
RECORD
 MAXIMUM        4.91   1957
 MINIMUM        0.00   1988
TOTALS          0.67               0.72   -0.05     1.15
DAILY AVG.      0.02               0.02    0.00
DAYS >= .01        2                4.1    -2.1
DAYS >= .10        2                1.7     0.3
DAYS >= .50        0                0.4    -0.4
DAYS >= 1.00       0                0.0     0.0
GREATEST
 24 HR. TOTAL   0.66   10/25 TO 10/26

SNOWFALL (INCHES)
RECORDS
 TOTAL          16.3   1991
TOTALS          11.1                1.3     9.8     12.0
SINCE 7/1       11.9                1.6    10.3       MM
SNOWDEPTH AVG.     1
DAYS >= 1.0        2                0.3     1.7
GREATEST
 SNOW DEPTH       10R  10/26                           4
 24 HR TOTAL    11.1   10/25 TO 10/26                3.8

DEGREE DAYS
HEATING TOTAL    428                412      16      578
 SINCE 7/1       527                510      17       MM
COOLING TOTAL     15                  3      12        0
 SINCE 1/1      1406                897     509       MM
................................................................

WIND (MPH)
AVERAGE WIND SPEED              7.3
HIGHEST WIND SPEED/DIRECTION    44/290    DATE  10/11
HIGHEST GUST SPEED/DIRECTION    64/280    DATE  10/11

SKY COVER
POSSIBLE SUNSHINE (PERCENT)   MM
AVERAGE SKY COVER           0.15
NUMBER OF DAYS FAIR           24
NUMBER OF DAYS PC              5
NUMBER OF DAYS CLOUDY          2

AVERAGE RH (PERCENT)     44

WEATHER CONDITIONS. NUMBER OF DAYS WITH
THUNDERSTORM              0     MIXED PRECIP               0
HEAVY RAIN                0     RAIN                       0
LIGHT RAIN                1     FREEZING RAIN              0
LT FREEZING RAIN          1     HAIL                       0
HEAVY SNOW                2     SNOW                       2
LIGHT SNOW                3     SLEET                      0
FOG                       3     FOG W/VIS <= 1/4 MILE      2
HAZE                     12

-  INDICATES NEGATIVE NUMBERS.
R  INDICATES RECORD WAS SET OR TIED.
MM INDICATES DATA IS MISSING.
T  INDICATES TRACE AMOUNT.

$$
