000
CXUS56 KOTX 011306
CLMPUW

CLIMATE REPORT
NATIONAL WEATHER SERVICE SPOKANE WA
506 AM PST TUE DEC 01 2020

...................................

...THE PULLMAN_MOSCOW  AIRPORT CLIMATE SUMMARY FOR THE MONTH OF NOVEMBER 2020...

CLIMATE NORMAL PERIOD 1981 TO 2010
CLIMATE RECORD PERIOD 9999 TO 9999

WEATHER         OBSERVED          NORMAL  DEPART   LAST YEAR`S
                VALUE   DATE(S)   VALUE   FROM     VALUE DATE(S)
                                          NORMAL
................................................................
TEMPERATURE (F)
RECORD
 HIGH             71   11/13/1999
 LOW             -14   11/16/1959
HIGHEST           64   11/02         MM      MM       59  11/05
                       11/03
LOWEST            16   11/09         MM      MM       14  11/29
AVG. MAXIMUM    45.2               43.4     1.8     46.9
AVG. MINIMUM    33.1               30.7     2.4     29.7
MEAN            39.2               37.0     2.2     38.3
DAYS MAX >= 90     0                0.0     0.0        0
DAYS MAX <= 32     1                2.8    -1.8        2
DAYS MIN <= 32    16               16.0     0.0       20
DAYS MIN <= 0      0                0.2    -0.2        0

PRECIPITATION (INCHES)
RECORD
 MAXIMUM        6.47   1958
 MINIMUM        0.44   2019
TOTALS          2.78               2.29    0.49     0.44
DAILY AVG.      0.09               0.08    0.01     0.01
DAYS >= .01       16                 MM      MM        7
DAYS >= .10        7                 MM      MM        2
DAYS >= .50        2                 MM      MM        0
DAYS >= 1.00       0                 MM      MM        0
GREATEST
 24 HR. TOTAL   1.46   11/05 TO 11/06               0.23


DEGREE DAYS
HEATING TOTAL    767                838     -71      795
 SINCE 7/1      1476               1744    -268     1660
COOLING TOTAL      0                  0       0        0
 SINCE 1/1       291                213      78      267
................................................................

WIND (MPH)
AVERAGE WIND SPEED              10.1
HIGHEST WIND SPEED/DIRECTION    35/240    DATE  11/15
HIGHEST GUST SPEED/DIRECTION    47/240    DATE  11/15

SKY COVER
POSSIBLE SUNSHINE (PERCENT)   MM
AVERAGE SKY COVER           0.49
NUMBER OF DAYS FAIR           10
NUMBER OF DAYS PC             13
NUMBER OF DAYS CLOUDY          7

AVERAGE RH (PERCENT)     74

WEATHER CONDITIONS. NUMBER OF DAYS WITH
THUNDERSTORM              0     MIXED PRECIP               0
HEAVY RAIN                1     RAIN                       5
LIGHT RAIN               13     FREEZING RAIN              0
LT FREEZING RAIN          0     HAIL                       0
HEAVY SNOW                1     SNOW                       2
LIGHT SNOW                8     SLEET                      0
FOG                      14     FOG W/VIS <= 1/4 MILE      6
HAZE                      6

-  INDICATES NEGATIVE NUMBERS.
R  INDICATES RECORD WAS SET OR TIED.
MM INDICATES DATA IS MISSING.
T  INDICATES TRACE AMOUNT.

$$
