716
CXUS51 KBOX 021913
CLMPVD


CLIMATE REPORT
NATIONAL WEATHER SERVICE BOSTON/NORTON MA
203 PM EST MON NOV 2 2020

...................................

...THE PROVIDENCE RI CLIMATE SUMMARY FOR THE MONTH OF OCTOBER 2020...

CLIMATE NORMAL PERIOD 1981 TO 2010
CLIMATE RECORD PERIOD 1904 TO 2020

WEATHER         OBSERVED          NORMAL  DEPART  LAST YEAR`S
                 VALUE   DATE(S)  VALUE   FROM    VALUE
                                          NORMAL
.............................................................
TEMPERATURE (F)
RECORD
 HIGH              88   10/10/1949
                        10/17/1947
                        10/06/1946
 LOW               20   10/27/1976
HIGHEST            77   10/01
LOWEST             24   10/31
AVG. MAXIMUM     64.3              63.3     1.0
AVG. MINIMUM     46.4              43.9     2.5
MEAN             55.3              53.6     1.7     55.6
DAYS MAX >= 90      0               0.0     0.0
DAYS MAX <= 32      0               0.0     0.0
DAYS MIN <= 32      2               1.6     0.4
DAYS MIN <= 0       0               0.0     0.0

PRECIPITATION (INCHES)
RECORD
 MAXIMUM        15.38   2005
 MINIMUM         0.15   1924
TOTALS           5.67              3.93    1.74
DAYS >= .01        10               9.4     0.6
DAYS >= .10         8               6.4     1.6
DAYS >= .50         4               2.5     1.5        3
DAYS >= 1.00        3               1.0     2.0
GREATEST
 24 HR. TOTAL    1.33   10/29 TO 10/29

SNOWFALL (INCHES)
RECORDS
 TOTAL            2.3   2011
 SNOW DEPTH         1   10/30/2011
                        10/27/1962
TOTALS            1.6               0.0     1.6
SINCE 7/1         1.6               0.0     1.6
SNOWDEPTH AVG.      0
DAYS >= 1.0         1               0.0     1.0
GREATEST
 SNOW DEPTH         0   MM
 24 HR TOTAL      1.6R  10/30 TO 10/30

DEGREE_DAYS
HEATING TOTAL     298               361     -63
 SINCE 7/1        357               458    -101
COOLING TOTAL       7                 8      -1
 SINCE 1/1       1043               744     299
..............................................................

WIND (MPH)
AVERAGE WIND SPEED              7.4
RESULTANT WIND SPEED/DIRECTION   1/306
HIGHEST WIND SPEED/DIRECTION    40/320    DATE  10/07
HIGHEST GUST SPEED/DIRECTION    48/310    DATE  10/07

SKY COVER
POSSIBLE SUNSHINE (PERCENT)   MM
AVERAGE SKY COVER           0.50
NUMBER OF DAYS FAIR            9
NUMBER OF DAYS PC             11
NUMBER OF DAYS CLOUDY         11

AVERAGE RH (PERCENT)     76

WEATHER CONDITIONS. NUMBER OF DAYS WITH
  0
  8
  0
  0
  1
  0
  5
HAZE                      0

-  INDICATES NEGATIVE NUMBERS.
R  INDICATES RECORD WAS SET OR TIED.
MM INDICATES DATA IS MISSING.
T  INDICATES TRACE AMOUNT.

$$
