000
CXUS56 KSGX 010936
CLMRAL


CLIMATE REPORT
NATIONAL WEATHER SERVICE SAN DIEGO, CA
135 AM PST TUE DEC 1 2020

...................................

...THE RIVERSIDE MUNI AIRPORT CA CLIMATE SUMMARY FOR THE MONTH OF NOVEMBER 2020...

CLIMATE NORMAL PERIOD 1981 TO 2010
CLIMATE RECORD PERIOD 1893 TO 2020

WEATHER         OBSERVED          NORMAL  DEPART  LAST YEAR`S
                 VALUE   DATE(S)  VALUE   FROM    VALUE  DATE(S)
                                          NORMAL
................................................................
TEMPERATURE (F)
RECORD
 HIGH              99   11/04/2010
                        11/03/2010
                        11/02/1924
 LOW               23   11/12/1950
                        11/11/1950
HIGHEST            96   11/04        74      22       92  11/18
                                                          11/08
LOWEST             39   11/29        46      -7       38  11/29
                        11/11
AVG. MAXIMUM     76.5              73.8     2.7     77.0
AVG. MINIMUM     46.9              46.9     0.0     47.9
MEAN             61.7              60.3     1.4     62.4
DAYS MAX >= 90      4               1.3     2.7        4
DAYS MAX <= 32      0               0.0     0.0        0
DAYS MIN <= 32      0               0.3    -0.3        0

PRECIPITATION (INCHES)
RECORD
 MAXIMUM         5.72   1965
 MINIMUM         0.00   2007
                        1995
                        1991
TOTALS           0.16              1.00   -0.84     1.81
DAILY AVG.       0.01              0.03   -0.02     0.06
DAYS >= .01         2                MM      MM        4
DAYS >= .10         1                MM      MM        2
DAYS >= .50         0                MM      MM        1
DAYS >= 1.00        0                MM      MM        1
GREATEST
 24 HR. TOTAL    0.15   11/07 TO 11/07           11/28 TO 11/28
                                                          11/26 TO 11/26EATHER         OBSERVED          NORMAL  DEPART  LAST YEAR`S
                                                          11/26 TO 11/26EATHER         OBSERVED          NORMAL  DEPART  LAST YEAR`S
 STORM TOTAL       MM                                 MM
 (MM/DD(HH))            MM                    11/28(00) TO 11/28(00)
                                                 11/26(00) TO 11/26(00)6EATHER         OBSERVED          NORMAL  DEPART  LAST YEAR`S
                                                 11/26(00) TO 11/26(00)6EATHER         OBSERVED          NORMAL  DEPART  LAST YEAR`S

DEGREE_DAYS
HEATING TOTAL     146               165     -19      119
 SINCE 7/1        153               200     -47      135
COOLING TOTAL      54                25      29       48
 SINCE 1/1       2349              1754     595     1878

FREEZE DATES
RECORD
 EARLIEST     10/21/1949
 LATEST       04/28/1894
EARLIEST                        12/04
LATEST                          02/24
.................................................................

WIND (MPH)
AVERAGE WIND SPEED              4.5
RESULTANT WIND SPEED/DIRECTION   1/016
HIGHEST WIND SPEED/DIRECTION    29/240    DATE  11/08
HIGHEST GUST SPEED/DIRECTION    39/010    DATE  11/26

SKY COVER
POSSIBLE SUNSHINE (PERCENT)   MM
AVERAGE SKY COVER           0.10
NUMBER OF DAYS FAIR           28
NUMBER OF DAYS PC              2
NUMBER OF DAYS CLOUDY          0

AVERAGE RH (PERCENT)     45

WEATHER CONDITIONS. NUMBER OF DAYS WITH
  0
  1
  0
  0
  0
  0
  0
HAZE                      6

-  INDICATES NEGATIVE NUMBERS.
R  INDICATES RECORD WAS SET OR TIED.
MM INDICATES DATA IS MISSING.
T  INDICATES TRACE AMOUNT.

$$
