222
CXUS56 KPDT 011645
CLMRDM

CLIMATE REPORT
NATIONAL WEATHER SERVICE PENDLETON OR
845 AM PST SUN NOV 01 2020

...................................

...THE REDMOND OR CLIMATE SUMMARY FOR THE MONTH OF OCTOBER 2020...

CLIMATE NORMAL PERIOD 1981 TO 2010
CLIMATE RECORD PERIOD 1949 TO 2020

WEATHER         OBSERVED          NORMAL  DEPART   LAST YEAR`S
                VALUE   DATE(S)   VALUE   FROM     VALUE DATE(S)
                                          NORMAL
................................................................
TEMPERATURE (F)
RECORD
 HIGH             95   10/03/1970
 LOW              -3   10/31/2002
HIGHEST           91   10/01         MM      MM       MM
LOWEST             9   10/26         MM      MM       MM
AVG. MAXIMUM    70.5               63.5     7.0       MM
AVG. MINIMUM    32.1               31.3     0.8       MM
MEAN            51.3               47.4     3.9       MM
DAYS MAX >= 90     2                0.0     2.0       MM
DAYS MAX <= 32     0                0.0     0.0       MM
DAYS MIN <= 32    13               17.4    -4.4       MM
DAYS MIN <= 0      0                0.0     0.0       MM

PRECIPITATION (INCHES)
RECORD
 MAXIMUM        1.22   2009
 MINIMUM        0.35   2006
TOTALS          0.13R              0.64   -0.51       MM
DAILY AVG.      0.00               0.02   -0.02       MM
DAYS >= .01        1                6.0    -5.0       MM
DAYS >= .10        1                1.9    -0.9       MM
DAYS >= .50        0                0.2    -0.2       MM
DAYS >= 1.00       0                0.0     0.0       MM
GREATEST
 24 HR. TOTAL   0.13   10/10 TO 10/10                 MM
 STORM TOTAL    0.13                                  MM
 (MM/DD(HH))

SNOWFALL (INCHES)
RECORDS
 TOTAL            MM   5
 24 HR TOTAL      MM
 SNOW DEPTH       MM   MM
TOTALS            MM                0.2      MM       MM
 LIQUID EQUIV     MM               0.00      MM       MM
SINCE 7/1         MM                0.2      MM       MM
 LIQUID 7/1       MM               0.00      MM       MM
SNOWDEPTH AVG.    MM                                  MM
DAYS >= TRACE     MM                0.3      MM       MM
DAYS >= 1.0       MM                0.1      MM       MM
GREATEST
 SNOW DEPTH       MM                                  MM
 24 HR TOTAL      MM                                  MM
 STORM TOTAL      MM                                  MM
 (MM/DD(HH))

DEGREE DAYS
HEATING TOTAL    419                546    -127       MM
 SINCE 7/1       611                946    -335       MM
COOLING TOTAL      1                  0       1       MM
 SINCE 1/1       401                222     179       MM

FREEZE DATES
RECORD
 EARLIEST     MM
 LATEST       MM
EARLIEST                        09/07
LATEST                          05/21
................................................................

WIND (MPH)
AVERAGE WIND SPEED              6.8
RESULTANT WIND SPEED/DIRECTION   2/290
HIGHEST WIND SPEED/DIRECTION    33/290    DATE  10/13
HIGHEST GUST SPEED/DIRECTION    42/290    DATE  10/10

SKY COVER
POSSIBLE SUNSHINE (PERCENT)   MM
AVERAGE SKY COVER           0.13
NUMBER OF DAYS FAIR           27
NUMBER OF DAYS PC              4
NUMBER OF DAYS CLOUDY          0

AVERAGE RH (PERCENT)     47

WEATHER CONDITIONS. NUMBER OF DAYS WITH
THUNDERSTORM              0     MIXED PRECIP               0
HEAVY RAIN                0     RAIN                       0
LIGHT RAIN                3     FREEZING RAIN              0
LT FREEZING RAIN          0     HAIL                       0
HEAVY SNOW                0     SNOW                       0
LIGHT SNOW                0     SLEET                      0
FOG                       0     FOG W/VIS <= 1/4 MILE      0
HAZE                      5

-  INDICATES NEGATIVE NUMBERS.
R  INDICATES RECORD WAS SET OR TIED.
MM INDICATES DATA IS MISSING.
T  INDICATES TRACE AMOUNT.

$$
