000
CXUS52 KRAH 011530
CLMRDU

CLIMATE REPORT ...CORRECTED
NATIONAL WEATHER SERVICE RALEIGH NC
1030 AM EST SUN NOV 01 2020

...................................

...THE RALEIGH-DURHAM INTL AIRPORT NC CLIMATE SUMMARY FOR THE MONTH OF OCTOBER 2020...

CLIMATE NORMAL PERIOD 1981 TO 2010
CLIMATE RECORD PERIOD 1887 TO 2020

WEATHER         OBSERVED          NORMAL  DEPART   LAST YEAR`S
                VALUE   DATE(S)   VALUE   FROM     VALUE
                                          NORMAL
..............................................................
TEMPERATURE (F)
RECORD
 HIGH            100   10/03/2019
 LOW              19   10/27/1962
HIGHEST           83   10/08                         100
                       10/21
                       10/24
LOWEST            40   10/18                          39
AVG. MAXIMUM    75.1               72.7     2.4     77.2
AVG. MINIMUM    53.7               49.8     3.9     54.4
MEAN            64.4               61.2     3.2     65.8
DAYS MAX >= 90     0                                   3
DAYS MAX <= 32     0                                   0
DAYS MIN <= 32     0                                   0
DAYS MIN <= 0      0                                   0

PRECIPITATION (INCHES)
RECORD
 MAXIMUM       10.23   1887
TOTALS          2.74               3.25   -0.51     3.36
DAYS >= .01        8
DAYS >= .10        5
DAYS >= .50        3
DAYS >= 1.00       0
GREATEST
 24 HR. TOTAL   0.99   10/10 TO 10/11

DEGREE DAYS
HEATING TOTAL     75                168     -93       73
 SINCE 7/1       104                189     -85       73
COOLING TOTAL     63                 52      11      102
 SINCE 1/1      1833               1720     113
..............................................................

WIND (MPH)
AVERAGE WIND SPEED              4.3
HIGHEST WIND SPEED/DIRECTION    37/210    DATE  10/29
HIGHEST GUST SPEED/DIRECTION    52/210    DATE  10/29

SKY COVER
POSSIBLE SUNSHINE (PERCENT)   MM
AVERAGE SKY COVER           0.57
NUMBER OF DAYS FAIR           10
NUMBER OF DAYS PC             10
NUMBER OF DAYS CLOUDY         11

AVERAGE RH (PERCENT)     78

WEATHER CONDITIONS. NUMBER OF DAYS WITH
THUNDERSTORM              1     MIXED PRECIP               1
HEAVY RAIN                2     RAIN                       4
LIGHT RAIN               11     FREEZING RAIN              0
LT FREEZING RAIN          0     HAIL                       0
HEAVY SNOW                0     SNOW                       0
LIGHT SNOW                0     SLEET                      0
FOG                      17     FOG W/VIS <= 1/4 MILE      6
HAZE                      0

-  INDICATES NEGATIVE NUMBERS.
R  INDICATES RECORD WAS SET OR TIED.
MM INDICATES DATA IS MISSING.
T  INDICATES TRACE AMOUNT.

&&

A RECORD HIGH MINIMUM TEMPERATURE OF 68 DEGREES WAS SET AT THE
RALEIGH-DURHAM INTERNATIONAL AIRPORT OCTOBER 29. THIS BREAKS THE OLD
RECORD OF 66 DEGREES LAST SET IN 1984.

$$
