246
CXUS53 KGRB 010906
CLMRHI

CLIMATE REPORT
NATIONAL WEATHER SERVICE GREEN BAY
406 AM CDT TUE JUN 01 2021

...................................

...THE RHINELANDER WI CLIMATE SUMMARY FOR THE MONTH OF MAY 2021...

CLIMATE NORMAL PERIOD: 1991 TO 2020
CLIMATE RECORD PERIOD: 1908 TO 2021

WEATHER         OBSERVED          NORMAL  DEPART   LAST YEAR`S
                VALUE   DATE(S)   VALUE   FROM     VALUE DATE(S)
                                          NORMAL
................................................................
TEMPERATURE (F)
RECORD
 HIGH             99   05/31/1934
 LOW              18   05/02/1911
HIGHEST           81   05/01         84      -3       82  05/26
                                                          05/25
                                                          05/24
LOWEST            22   05/08         27      -5       21  05/12
AVG. MAXIMUM    64.1               66.4    -2.3     63.0
AVG. MINIMUM    39.7               40.6    -0.9     40.2
MEAN            51.9               53.5    -1.6     51.6
DAYS MAX >= 90     0                0.3    -0.3        0
DAYS MAX <= 32     0                0.0     0.0        0
DAYS MIN <= 32    11                6.5     4.5       13
DAYS MIN <= 0      0                0.0     0.0        0

PRECIPITATION (INCHES)
RECORD
 MAXIMUM        7.50   1991
 MINIMUM        0.56   1986
TOTALS          1.76               3.42   -1.66     1.35
DAYS >= .01       13               13.5    -0.5        9
DAYS >= .10        4                7.5    -3.5        4
DAYS >= .50        1                2.0    -1.0        1
DAYS >= 1.00       0                0.7    -0.7        0
GREATEST
 STORM TOTAL    0.55
 (MM/DD(HH))

SNOWFALL (INCHES)
RECORDS
 TOTAL          11.0   1960
TOTALS             T                 MM      MM        T
SINCE 7/1       55.1                 MM      MM       MM
DAYS >= TRACE      1                 MM      MM        3
DAYS >= 1.0        0                 MM      MM        0
GREATEST
 SNOW DEPTH        0                                   0  MM
 24 HR TOTAL      MM

DEGREE DAYS
HEATING TOTAL    415                370      45      433
 SINCE 7/1      8576               8713    -137     8828
COOLING TOTAL     15                 13       2       26
 SINCE 1/1        15                 14       1       26
................................................................

WIND (MPH)
AVERAGE WIND SPEED              6.6
HIGHEST WIND SPEED/DIRECTION    24/230    DATE  05/25
HIGHEST GUST SPEED/DIRECTION    38/210    DATE  05/25

SKY COVER
POSSIBLE SUNSHINE (PERCENT)   MM
AVERAGE SKY COVER           0.56
NUMBER OF DAYS FAIR            8
NUMBER OF DAYS PC             12
NUMBER OF DAYS CLOUDY         11

AVERAGE RH (PERCENT)     65

WEATHER CONDITIONS. NUMBER OF DAYS WITH
THUNDERSTORM              3     MIXED PRECIP               0
HEAVY RAIN                2     RAIN                       4
LIGHT RAIN               15     FREEZING RAIN              0
LT FREEZING RAIN          0     HAIL                       0
HEAVY SNOW                0     SNOW                       0
LIGHT SNOW                0     SLEET                      0
FOG                      17     FOG W/VIS <= 1/4 MILE      3
HAZE                      4

-  INDICATES NEGATIVE NUMBERS.
R  INDICATES RECORD WAS SET OR TIED.
MM INDICATES DATA IS MISSING.
T  INDICATES TRACE AMOUNT.

$$
