000
CXUS53 KGRB 010746
CLMRHI

CLIMATE REPORT
NATIONAL WEATHER SERVICE GREEN BAY
146 AM CST SUN NOV 01 2020

...................................

...THE RHINELANDER WI CLIMATE SUMMARY FOR THE MONTH OF OCTOBER 2020...

CLIMATE NORMAL PERIOD: 1981 TO 2010
CLIMATE RECORD PERIOD: 1908 TO 2020

WEATHER         OBSERVED          NORMAL  DEPART   LAST YEAR`S
                VALUE   DATE(S)   VALUE   FROM     VALUE DATE(S)
                                          NORMAL
................................................................
TEMPERATURE (F)
RECORD
 HIGH             86   10/02/1953
 LOW               2   10/30/1925
HIGHEST           73   10/09         74      -1       72  10/01
LOWEST             9   10/27         20     -11       14  10/31
AVG. MAXIMUM    45.7               53.6    -7.9     50.1
AVG. MINIMUM    28.7               33.9    -5.2     33.1
MEAN            37.2               43.7    -6.5     41.6
DAYS MAX >= 90     0                0.0     0.0        0
DAYS MAX <= 32     3                0.3     2.7        2
DAYS MIN <= 32    20               14.5     5.5       16
DAYS MIN <= 0      0                0.0     0.0        0

PRECIPITATION (INCHES)
RECORD
 MAXIMUM        8.87   1911
 MINIMUM        0.23   1952
TOTALS          2.50               3.04   -0.54     2.87
DAYS >= .01       13                 MM      MM       15
DAYS >= .10        5                 MM      MM        9
DAYS >= .50        2                 MM      MM        2
DAYS >= 1.00       0                 MM      MM        0
GREATEST
 STORM TOTAL    0.77
 (MM/DD(HH))

SNOWFALL (INCHES)
RECORDS
 TOTAL           9.3   2002
TOTALS          10.6R                MM      MM      1.0
SINCE 7/1       10.6                 MM      MM       MM
DAYS >= TRACE     11                 MM      MM        7
DAYS >= 1.0        3                 MM      MM        0
GREATEST
 SNOW DEPTH        6   10/20                           0  MM
 24 HR TOTAL      MM

DEGREE DAYS
HEATING TOTAL    853                661     192      718
 SINCE 7/1      1256               1094     162     1038
COOLING TOTAL      0                  2      -2        0
 SINCE 1/1       356                261      95      272
................................................................

WIND (MPH)
AVERAGE WIND SPEED              7.2
HIGHEST WIND SPEED/DIRECTION    31/280    DATE  10/31
HIGHEST GUST SPEED/DIRECTION    44/290    DATE  10/31

SKY COVER
POSSIBLE SUNSHINE (PERCENT)   MM
AVERAGE SKY COVER           0.61
NUMBER OF DAYS FAIR            6
NUMBER OF DAYS PC             14
NUMBER OF DAYS CLOUDY         11

AVERAGE RH (PERCENT)     71

WEATHER CONDITIONS. NUMBER OF DAYS WITH
THUNDERSTORM              2     MIXED PRECIP               0
HEAVY RAIN                1     RAIN                       2
LIGHT RAIN               11     FREEZING RAIN              0
LT FREEZING RAIN          0     HAIL                       0
HEAVY SNOW                2     SNOW                       4
LIGHT SNOW               11     SLEET                      0
FOG                      17     FOG W/VIS <= 1/4 MILE      2
HAZE                      1

-  INDICATES NEGATIVE NUMBERS.
R  INDICATES RECORD WAS SET OR TIED.
MM INDICATES DATA IS MISSING.
T  INDICATES TRACE AMOUNT.

$$
