459
CXUS55 KGJT 011003
CLMRIL

CLIMATE REPORT
NATIONAL WEATHER SERVICE GRAND JUNCTION CO
403 AM MDT TUE JUN 01 2021

...................................

...THE RIFLE CO CLIMATE SUMMARY FOR THE MONTH OF MAY 2021...

CLIMATE NORMAL PERIOD 1991 TO 2020
CLIMATE RECORD PERIOD 9999 TO 9999

WEATHER         OBSERVED          NORMAL  DEPART   LAST YEAR`S
                VALUE   DATE(S)   VALUE   FROM     VALUE DATE(S)
                                          NORMAL
................................................................
TEMPERATURE (F)
HIGHEST           86   05/28         MM      MM       92  05/29
LOWEST            33   05/24         MM      MM       30  05/08
AVG. MAXIMUM    74.9               74.3     0.6     79.0
AVG. MINIMUM    42.7               40.2     2.5     42.9
MEAN            58.8               57.3     1.5     61.0
DAYS MAX >= 90     0                1.2    -1.2        3
DAYS MAX <= 32     0                0.0     0.0        0
DAYS MIN <= 32     0                3.3    -3.3        2
DAYS MIN <= 0      0                0.0     0.0        0

PRECIPITATION (INCHES)
TOTALS          0.72               1.14   -0.42     0.09
DAILY AVG.      0.02               0.04   -0.02     0.00
DAYS >= .01        4                7.5    -3.5        1
DAYS >= .10        2                3.4    -1.4        0
DAYS >= .50        0                0.3    -0.3        0
DAYS >= 1.00       0                0.0     0.0        0
GREATEST
 24 HR. TOTAL   0.63   05/02 TO 05/03               0.09

SNOWFALL (INCHES)
TOTALS            MM                 MM      MM       MM
SINCE 7/1         MM                 MM      MM       MM
SNOWDEPTH AVG.    MM                                  MM
DAYS >= 1.0       MM                 MM      MM       MM
GREATEST
 SNOW DEPTH       MM                                  MM  MM
 24 HR TOTAL      MM                                  MM

DEGREE DAYS
HEATING TOTAL    191                252     -61      159
 SINCE 7/1      6140               6351    -211     6404
COOLING TOTAL      7                 12      -5       43
 SINCE 1/1         7                 12      -5       43
................................................................

WIND (MPH)
AVERAGE WIND SPEED              7.1
HIGHEST WIND SPEED/DIRECTION    43/210    DATE  05/22
HIGHEST GUST SPEED/DIRECTION    57/210    DATE  05/22

SKY COVER
POSSIBLE SUNSHINE (PERCENT)   MM
AVERAGE SKY COVER           0.21
NUMBER OF DAYS FAIR           22
NUMBER OF DAYS PC              7
NUMBER OF DAYS CLOUDY          2

AVERAGE RH (PERCENT)     42

WEATHER CONDITIONS. NUMBER OF DAYS WITH
THUNDERSTORM              6     MIXED PRECIP               0
HEAVY RAIN                1     RAIN                       2
LIGHT RAIN               11     FREEZING RAIN              0
LT FREEZING RAIN          0     HAIL                       0
HEAVY SNOW                0     SNOW                       0
LIGHT SNOW                0     SLEET                      0
FOG                       5     FOG W/VIS <= 1/4 MILE      0
HAZE                      3

-  INDICATES NEGATIVE NUMBERS.
R  INDICATES RECORD WAS SET OR TIED.
MM INDICATES DATA IS MISSING.
T  INDICATES TRACE AMOUNT.

$$
