000
CXUS55 KRIW 031659
CLMRIW

CLIMATE REPORT
NATIONAL WEATHER SERVICE RIVERTON WY
959 AM MST THU DEC 03 2020

...................................

...THE RIVERTON WY CLIMATE SUMMARY FOR THE MONTH OF NOVEMBER 2020...

CLIMATE NORMAL PERIOD: 1981 TO 2010
CLIMATE RECORD PERIOD: 1995 TO 2020

WEATHER         OBSERVED          NORMAL  DEPART   LAST YEAR`S
                VALUE   DATE(S)   VALUE   FROM     VALUE
                                          NORMAL
..............................................................
TEMPERATURE (F)
RECORD
 HIGH             71   11/01/2014
 LOW             -21   11/13/2014
HIGHEST           69   11/05
LOWEST             4   11/22
                       11/30
AVG. MAXIMUM    47.3               41.7     5.6
AVG. MINIMUM    18.6               19.2    -0.6
MEAN            33.0               30.4     2.6
DAYS MAX >= 90     0
DAYS MAX <= 32     1
DAYS MIN <= 32    25
DAYS MIN <= 0      0

PRECIPITATION (INCHES)
RECORD
 MAXIMUM        1.03   2019
 MINIMUM        0.03   2013
TOTALS          0.05               0.50   -0.45     1.03
DAILY AVG.      0.00               0.02   -0.02
DAYS >= .01        1
DAYS >= .10        0
DAYS >= .50        0
DAYS >= 1.00       0
GREATEST
 24 HR. TOTAL   0.05   11/07 TO 11/07
 STORM TOTAL    0.05

SNOWFALL (INCHES)
TOTALS             T                 MM      MM
SINCE 7/1        7.3                 MM      MM
SNOWDEPTH AVG.     0
DAYS >= 1.0        0

DEGREE DAYS
HEATING TOTAL    954               1036     -82
 SINCE 7/1      1847               1917     -70
COOLING TOTAL      0                  0       0
 SINCE 1/1       644                494     150
..............................................................

WIND (MPH)
AVERAGE WIND SPEED              8.2
RESULTANT WIND SPEED/DIRECTION   4/270
HIGHEST WIND SPEED/DIRECTION    53/280    DATE  11/14
HIGHEST GUST SPEED/DIRECTION    69/270    DATE  11/14

SKY COVER
POSSIBLE SUNSHINE (PERCENT)   MM
AVERAGE SKY COVER           0.06
NUMBER OF DAYS FAIR           29
NUMBER OF DAYS PC              1
NUMBER OF DAYS CLOUDY          0

AVERAGE RH (PERCENT)     48

WEATHER CONDITIONS. NUMBER OF DAYS WITH
THUNDERSTORM              0     MIXED PRECIP               0
HEAVY RAIN                0     RAIN                       0
LIGHT RAIN                1     FREEZING RAIN              0
LT FREEZING RAIN          0     HAIL                       0
HEAVY SNOW                0     SNOW                       0
LIGHT SNOW                0     SLEET                      0
FOG                       1     FOG W/VIS <= 1/4 MILE      0
HAZE                      1

-  INDICATES NEGATIVE NUMBERS.
R  INDICATES RECORD WAS SET OR TIED.
MM INDICATES DATA IS MISSING.
T  INDICATES TRACE AMOUNT.

$$
