000
CXUS56 KSGX 010936
CLMRNM


CLIMATE REPORT
NATIONAL WEATHER SERVICE SAN DIEGO, CA
135 AM PST TUE DEC 1 2020

...................................

...THE RAMONA AIRPORT CA CLIMATE SUMMARY FOR THE MONTH OF NOVEMBER 2020...

CLIMATE NORMAL PERIOD 1981 TO 2010
CLIMATE RECORD PERIOD 1974 TO 2020

WEATHER         OBSERVED          NORMAL  DEPART  LAST YEAR`S
                 VALUE   DATE(S)  VALUE   FROM    VALUE  DATE(S)
                                          NORMAL
................................................................
TEMPERATURE (F)
RECORD
 HIGH              96   11/01/1997
 LOW               22   11/27/2010
HIGHEST            95   11/05        73      22       91  11/18
LOWEST             28   11/29        42     -14       33  11/30
                                                          11/01
AVG. MAXIMUM     75.3              71.1     4.2     75.9
AVG. MINIMUM     37.8              39.8    -2.0     39.5
MEAN             56.6              55.5     1.1     57.7
DAYS MAX >= 90      3               0.5     2.5        1
DAYS MAX <= 32      0               0.0     0.0        0
DAYS MIN <= 32      8               3.4     4.6        0
DAYS MIN <= 0       0               0.0     0.0        0

PRECIPITATION (INCHES)
RECORD
 MAXIMUM         5.81   1985
 MINIMUM         0.00   1992
                        1980
TOTALS           1.15              1.19   -0.04     4.35
DAILY AVG.       0.04              0.04    0.00     0.14
DAYS >= .01         4                MM      MM        6
DAYS >= .10         2                MM      MM        6
DAYS >= .50         1                MM      MM        3
DAYS >= 1.00        0                MM      MM        2
GREATEST
 24 HR. TOTAL    0.71   11/07 TO 11/07           11/28 TO 11/28
                                                          11/30 TO 11/30EATHER         OBSERVED          NORMAL  DEPART  LAST YEAR`S
                                                          11/30 TO 11/30EATHER         OBSERVED          NORMAL  DEPART  LAST YEAR`S
 STORM TOTAL       MM                                 MM
 (MM/DD(HH))            MM                    11/28(00) TO 11/28(00)
                                                 11/30(00) TO 11/30(00)0EATHER         OBSERVED          NORMAL  DEPART  LAST YEAR`S
                                                 11/30(00) TO 11/30(00)0EATHER         OBSERVED          NORMAL  DEPART  LAST YEAR`S

DEGREE_DAYS
HEATING TOTAL     259               292     -33      220
 SINCE 7/1        308               411    -103      329
COOLING TOTAL      11                 6       5       10
 SINCE 1/1       1132               850     282      984

FREEZE DATES
RECORD
 EARLIEST     10/10/1974
 LATEST       05/07/1975
EARLIEST                        11/24
LATEST                          03/25
.................................................................

WIND (MPH)
AVERAGE WIND SPEED              3.9
RESULTANT WIND SPEED/DIRECTION   1/297
HIGHEST WIND SPEED/DIRECTION    25/260    DATE  11/08
HIGHEST GUST SPEED/DIRECTION    33/260    DATE  11/08

SKY COVER
POSSIBLE SUNSHINE (PERCENT)   MM
AVERAGE SKY COVER           0.10
NUMBER OF DAYS FAIR           27
NUMBER OF DAYS PC              1
NUMBER OF DAYS CLOUDY          2

AVERAGE RH (PERCENT)     58

WEATHER CONDITIONS. NUMBER OF DAYS WITH
  0
  2
  0
  0
  0
  0
  9
HAZE                      0

-  INDICATES NEGATIVE NUMBERS.
R  INDICATES RECORD WAS SET OR TIED.
MM INDICATES DATA IS MISSING.
T  INDICATES TRACE AMOUNT.

$$
