000
CXUS55 KREV 020855 CCA
CLMRNO

CLIMATE REPORT
NATIONAL WEATHER SERVICE RENO NV
751 AM PST TUE DEC 01 2020

...................................

...THE RENO-TAHOE INTL AIRPORT NV CLIMATE SUMMARY FOR THE MONTH OF NOVEMBER 2020...

THE AVERAGE TEMPERATURE FOR NOVEMBER 2020 AT THE RENO-TAHOE
INTERNATIONAL AIRPORT WAS 42.1 DEGREES WHICH IS 0.6 DEGREES BELOW
NORMAL. THE HIGHEST TEMPERATURE FOR NOVEMBER WAS 76 DEGREES WHICH
OCCURRED ON THE 3RD AND 4TH. THE LOWEST TEMPERATURE FOR THE MONTH
WAS 20 DEGREES WHICH OCCURRED ON THE 27TH AND 28TH.

FOR NOVEMBER 2020, 0.59 INCHES OF PRECIPITATION WAS RECORDED AT THE RENO-
TAHOE INTERNATIONAL AIRPORT. THIS IS 0.23 INCHES BELOW NORMAL. THE TOTAL
SNOWFALL FOR THE MONTH WAS 4.5 INCHES, WHICH IS 1.4 INCHES ABOVE NORMAL.

THE AVERAGE WIND SPEED FOR NOVEMBER 2020 WAS 5.3 MPH. THE PEAK WIND GUST
FOR THE MONTH WAS 78 MPH FROM THE SOUTH ON THE 17TH, WHICH WAS THE
STRONGEST GUST REPORTED FOR ANY DAY IN THE MONTH OF NOVEMBER.

CLIMATE NORMAL PERIOD 1981 TO 2010
CLIMATE RECORD PERIOD 1888 TO 2020

WEATHER         OBSERVED          NORMAL  DEPART   LAST YEAR`S
                VALUE   DATE(S)   VALUE   FROM     VALUE
                                          NORMAL
..............................................................
TEMPERATURE (F)
RECORD
 HIGH             83   11/18/2019
 LOW               1   11/17/1958
HIGHEST           76   11/03         77      -1
                       11/04
LOWEST            20   11/27          1      19
                       11/28
AVG. MAXIMUM    56.1               55.0     1.1
AVG. MINIMUM    28.1               30.5    -2.4
MEAN            42.1               42.7    -0.6
DAYS MAX >= 90     0                0.0     0.0
DAYS MAX <= 32     0                0.4    -0.4
DAYS MIN <= 32    22               18.2     3.8
DAYS MIN <= 0      0                0.0     0.0

PRECIPITATION (INCHES)
RECORD
 MAXIMUM        4.65   1892
 MINIMUM        0.00   1959
TOTALS          0.59               0.82   -0.23
DAILY AVG.      0.02               0.03   -0.01
DAYS >= .01        3                5.0    -2.0
DAYS >= .10        2                2.2    -0.2
DAYS >= .50        0                0.4    -0.4
DAYS >= 1.00       0                0.1    -0.1
GREATEST
 24 HR. TOTAL   0.43   11/07 TO 11/08
 STORM TOTAL    0.34
 (MM/DD(HH))

SNOWFALL (INCHES)
RECORDS
 TOTAL          16.5   5
 24 HR TOTAL      MM
TOTALS           4.5                3.1     1.4
 LIQUID EQUIV   0.50               0.30    0.20
SINCE 7/1        4.5                3.5     1.0
 LIQUID 7/1     0.45
DAYS >= TRACE      3                1.9     1.1
DAYS >= 1.0        1                0.8     0.2
GREATEST
 SNOW DEPTH        4   11/08
 24 HR TOTAL     3.8   11/08 TO 11/08
 STORM TOTAL     3.8
 (MM/DD(HH))

DEGREE DAYS
HEATING TOTAL    679                667      12
 SINCE 7/1       927               1104    -177
COOLING TOTAL      0                  0       0
 SINCE 1/1      1176                839     337

FREEZE DATES
RECORD
 EARLIEST     08/23/1973
 LATEST       06/27/1974
EARLIEST                        10/25
LATEST                          04/14
..............................................................

WIND (MPH)
AVERAGE WIND SPEED              5.3
HIGHEST WIND SPEED/DIRECTION    52/170    DATE  11/17
HIGHEST GUST SPEED/DIRECTION    78/170    DATE  11/17

AVERAGE RH (PERCENT)     52

WEATHER CONDITIONS. NUMBER OF DAYS WITH
THUNDERSTORM              0     MIXED PRECIP               0
HEAVY RAIN                0     RAIN                       1
LIGHT RAIN                4     FREEZING RAIN              0
LT FREEZING RAIN          0     HAIL                       0
HEAVY SNOW                1     SNOW                       2
LIGHT SNOW                3     SLEET                      0
FOG                       2     FOG W/VIS <= 1/4 MILE      1
HAZE                      3

-  INDICATES NEGATIVE NUMBERS.
R  INDICATES RECORD WAS SET OR TIED.
MM INDICATES DATA IS MISSING.
T  INDICATES TRACE AMOUNT.

$$
