000
CXUS51 KRNK 010625
CLMROA

CLIMATE REPORT
NATIONAL WEATHER SERVICE BLACKSBURG, VA
125 AM EST TUE DEC 01 2020

...................................

...THE ROANOKE VA CLIMATE SUMMARY FOR THE MONTH OF NOVEMBER 2020...

CLIMATE NORMAL PERIOD: 1981 TO 2010
CLIMATE RECORD PERIOD: 1912 TO 2020

WEATHER         OBSERVED          NORMAL  DEPART   LAST YEAR`S
                VALUE   DATE(S)   VALUE   FROM     VALUE
                                          NORMAL
..............................................................
TEMPERATURE (F)
RECORD
 HIGH             83   11/02/2016
                       11/01/1950
                       02/05/2000
 LOW               8   11/30/1929
HIGHEST           75   11/07                          70
                       11/08
                       11/10
LOWEST            29   11/19                          18
AVG. MAXIMUM    64.4               58.6     5.8     55.0
AVG. MINIMUM    42.3               37.7     4.6     33.5
MEAN            53.3               48.1     5.2     44.3
DAYS MAX >= 90     0                0.0     0.0        0
DAYS MAX <= 32     0                0.0     0.0        0
DAYS MIN <= 32     3                8.3    -5.3       10
DAYS MIN <= 0      0                0.0     0.0        0

PRECIPITATION (INCHES)
RECORD
 MAXIMUM       12.36   1985
 MINIMUM        0.18   2007
TOTALS          5.84               3.40    2.44     1.31
DAYS >= .01        8                8.0     0.0        8
DAYS >= .10        5                5.2    -0.2        4
DAYS >= .50        3                2.4     0.6        0
DAYS >= 1.00       2                1.0     1.0        0
GREATEST
 24 HR. TOTAL   2.99                                0.49

SNOWFALL (INCHES)
TOTALS           0.0                                   T
DAYS >= TRACE      0                                   2
DAYS >= 1.0        0                                   0
GREATEST
 24 HR TOTAL      MM                                   T

DEGREE DAYS
HEATING TOTAL    352                507    -155      613
COOLING TOTAL      7                  1       6        0
..............................................................

WIND (MPH)
AVERAGE WIND SPEED              6.1
RESULTANT WIND SPEED/DIRECTION   2/290
HIGHEST WIND SPEED/DIRECTION    39/310    DATE  11/01
HIGHEST GUST SPEED/DIRECTION    50/310    DATE  11/01

SKY COVER
AVERAGE SKY COVER           0.36

AVERAGE RH (PERCENT)     61

WEATHER CONDITIONS. NUMBER OF DAYS WITH
THUNDERSTORM              1     MIXED PRECIP               0
HEAVY RAIN                2     RAIN                       5
LIGHT RAIN               10     FREEZING RAIN              0
LT FREEZING RAIN          0     HAIL                       0
HEAVY SNOW                0     SNOW                       0
LIGHT SNOW                0     SLEET                      0
FOG                       9     FOG W/VIS <= 1/4 MILE      0
HAZE                      0

-  INDICATES NEGATIVE NUMBERS.
R  INDICATES RECORD WAS SET OR TIED.
MM INDICATES DATA IS MISSING.
T  INDICATES TRACE AMOUNT.

$$
