162
CXUS55 KABQ 011734
CLMROW

ABQCLMROW 000
TTAA00 KABQ 011617


CLIMATE REPORT
NATIONAL WEATHER SERVICE ALBUQUERQUE NM
1035 AM MST SUN NOV 1 2020

...................................

...THE ROSWELL NM CLIMATE SUMMARY FOR THE MONTH OF OCTOBER 2020...

CLIMATE NORMAL PERIOD 1981 TO 2010
CLIMATE RECORD PERIOD 1893 TO 2020

WEATHER         OBSERVED          NORMAL  DEPART  LAST YEAR`S
                 VALUE   DATE(S)  VALUE   FROM    VALUE  DATE(S)
                                          NORMAL
................................................................
TEMPERATURE (F)
RECORD
 HIGH              99   10/14/2020
 LOW               14   10/31/1991
HIGHEST            99R  10/14        MM      MM       89  10/06
LOWEST             21   10/27        MM      MM       18  10/31
AVG. MAXIMUM     80.7              75.7     5.0     74.6
AVG. MINIMUM     45.1              46.5    -1.4     45.4
MEAN             62.9              61.1     1.8     60.0
DAYS MAX >= 90     13               1.0    12.0        0
DAYS MAX <= 32      1               0.0     1.0        0
DAYS MIN <= 32      4               0.7     3.3        4
DAYS MIN <= 0       0               0.0     0.0        0

PRECIPITATION (INCHES)
RECORD
 MAXIMUM           MM   MM
 MINIMUM           MM   MM
TOTALS           0.69              1.23   -0.54     4.83
DAILY AVG.       0.02              0.04   -0.02     0.16
DAYS >= .01         3               5.0    -2.0        5
DAYS >= .10         2               2.5    -0.5        3
DAYS >= .50         1               0.8     0.2        2
DAYS >= 1.00        0               0.2    -0.2        1
GREATEST
 24 HR. TOTAL    0.53   10/27 TO 10/27              3.44

SNOWFALL (INCHES)
RECORDS
 TOTAL             MM   MM
TOTALS            4.9               0.1     4.8        T
SINCE 7/1         4.9               0.1     4.8        T
SNOWDEPTH AVG.      0                MM      MM        0
DAYS >= 1.0         1               0.0     1.0        0
GREATEST
 SNOW DEPTH         5   10/28                          0  MM
 24 HR TOTAL      4.6   10/27 TO 10/27                 T

DEGREE_DAYS
HEATING TOTAL     169               158      11      206
 SINCE 7/1        210               174      36      206
COOLING TOTAL     111                37      74       57
 SINCE 1/1       2653              1788     865     2527
.................................................................

WIND (MPH)
AVERAGE WIND SPEED              7.6
HIGHEST WIND SPEED/DIRECTION    30/010    DATE  10/03
HIGHEST GUST SPEED/DIRECTION    38/360    DATE  10/03

SKY COVER
AVERAGE SKY COVER           0.10

AVERAGE RH (PERCENT)     35

WEATHER CONDITIONS. NUMBER OF DAYS WITH
THUNDERSTORM        1            MIXED PRECIP           1
HEAVY RAIN          1            RAIN                   1
LIGHT RAIN          1            FREEZING RAIN          1
LT FREEZING RAIN    1            HAIL                   0
HEAVY SNOW          1            SNOW                   1
LIGHT SNOW          2            SLEET                  0
FOG                 1            FOG W/VIS <= 1/4 MILE  1
HAZE                7

-  INDICATES NEGATIVE NUMBERS.
R  INDICATES RECORD WAS SET OR TIED.
MM INDICATES DATA IS MISSING.
T  INDICATES TRACE AMOUNT.

$$
