000
CXUS53 KARX 010715
CLMRST

CLIMATE REPORT
NATIONAL WEATHER SERVICE
115 AM CST TUE DEC 01 2020

...................................

...THE ROCHESTER MN CLIMATE SUMMARY FOR THE MONTH OF NOVEMBER 2020...

CLIMATE NORMAL PERIOD 1981 TO 2010
CLIMATE RECORD PERIOD 1886 TO 2020

WEATHER         OBSERVED          NORMAL  DEPART   LAST YEAR`S
                VALUE   DATE(S)   VALUE   FROM     VALUE
                                          NORMAL
..............................................................
TEMPERATURE (F)
RECORD
 HIGH             77   11/01/1893
 LOW             -24   11/28/1887
HIGHEST           74                 MM      MM
LOWEST            13                 MM      MM
AVG. MAXIMUM    47.0
AVG. MINIMUM    28.7
MEAN            37.8
DAYS MAX >= 90     0
DAYS MAX <= 32     1
DAYS MIN <= 32    23
DAYS MIN <= 0      0

PRECIPITATION (INCHES)
RECORD
 MAXIMUM        5.91   1909
TOTALS          2.52               1.91    0.61
DAILY AVG.      0.08
DAYS >= .01        5
DAYS >= .10        4
DAYS >= .50        2
DAYS >= 1.00       1
GREATEST
 24 HR. TOTAL   1.80
 STORM TOTAL    1.00

SNOWFALL (INCHES)
RECORDS
 TOTAL          22.5   1985
TOTALS           4.4                6.1
 LIQUID EQUIV   0.40
SINCE 7/1        8.6
 LIQUID 7/1     0.86
DAYS >= TRACE      6
DAYS >= 1.0        1
GREATEST
 SNOW DEPTH        3
 24 HR TOTAL     4.4
 STORM TOTAL     4.0

DEGREE DAYS
HEATING TOTAL    807
 SINCE 7/1      1728
COOLING TOTAL      0
 SINCE 1/1       634
..............................................................

WIND (MPH)
AVERAGE WIND SPEED              13.4
HIGHEST GUST SPEED/DIRECTION    52/280    DATE  11/15

AVERAGE RH (PERCENT)     74

WEATHER CONDITIONS. NUMBER OF DAYS WITH
THUNDERSTORM              0     MIXED PRECIP               0
HEAVY RAIN                1     RAIN                       2
LIGHT RAIN                4     FREEZING RAIN              1
LT FREEZING RAIN          1     HAIL                       0
HEAVY SNOW                0     SNOW                       0
LIGHT SNOW                6     SLEET                      0
FOG                       9     FOG W/VIS <= 1/4 MILE      3
HAZE                      2

-  INDICATES NEGATIVE NUMBERS.
R  INDICATES RECORD WAS SET OR TIED.
MM INDICATES DATA IS MISSING.
T  INDICATES TRACE AMOUNT.

$$
