164
CXUS51 KBTV 011343
CLMRUT

CLIMATE REPORT
NATIONAL WEATHER SERVICE BURLINGTON VT
943 AM EDT TUE JUN 01 2021

...................................

...THE RUTLAND VT CLIMATE SUMMARY FOR THE MONTH OF MAY 2021...

CLIMATE NORMAL PERIOD: 9999 TO 9999
CLIMATE RECORD PERIOD: 9999 TO 9999

WEATHER         OBSERVED          NORMAL  DEPART   LAST YEAR`S
                VALUE   DATE(S)   VALUE   FROM     VALUE DATE(S)
                                          NORMAL
................................................................
TEMPERATURE (F)
RECORD
 HIGH             MM
 LOW              MM
HIGHEST           88   05/26         MM      MM       89  05/26
                                                          05/27
LOWEST            33   05/01         MM      MM       25  05/13
                       05/07
AVG. MAXIMUM    66.3                NAN     NAN     66.8
AVG. MINIMUM    44.5                NAN     NAN     43.6
MEAN            55.4                NAN     NAN     55.2
DAYS MAX >= 90     0                 MM      MM        0
DAYS MAX <= 32     0                 MM      MM        0
DAYS MIN <= 32     0                 MM      MM        5
DAYS MIN <= 0      0                 MM      MM        0

PRECIPITATION (INCHES)
RECORD
 MAXIMUM          MM   MM
 MINIMUM          MM   MM
TOTALS          1.36                 MM      MM     1.30
DAILY AVG.      0.04                NAN     NAN     0.04
DAYS >= .01       11                 MM      MM       15
DAYS >= .10        3                 MM      MM        6
DAYS >= .50        1                 MM      MM        0
DAYS >= 1.00       0                 MM      MM        0
GREATEST
 24 HR. TOTAL   0.64   05/05 TO 05/05               0.26  05/01 TO 05/01
 STORM TOTAL    0.64                                0.26
 (MM/DD(HH))            MM


DEGREE DAYS
HEATING TOTAL    322                 MM      MM      336
 SINCE 7/1      6791                 MM      MM       MM
COOLING TOTAL     31                 MM      MM       39
 SINCE 1/1        31                 MM      MM       MM
................................................................

WIND (MPH)
AVERAGE WIND SPEED              6.3
HIGHEST WIND SPEED/DIRECTION    21/250    DATE  05/11
                                21/010          05/16
HIGHEST GUST SPEED/DIRECTION    38/350    DATE  05/23

SKY COVER
POSSIBLE SUNSHINE (PERCENT)   MM
AVERAGE SKY COVER           0.52
NUMBER OF DAYS FAIR           13
NUMBER OF DAYS PC              9
NUMBER OF DAYS CLOUDY          9

AVERAGE RH (PERCENT)     67

WEATHER CONDITIONS. NUMBER OF DAYS WITH
THUNDERSTORM              1     MIXED PRECIP               0
HEAVY RAIN                0     RAIN                       3
LIGHT RAIN               15     FREEZING RAIN              0
LT FREEZING RAIN          0     HAIL                       0
HEAVY SNOW                0     SNOW                       0
LIGHT SNOW                1     SLEET                      0
FOG                       7     FOG W/VIS <= 1/4 MILE      0
HAZE                      1

-  INDICATES NEGATIVE NUMBERS.
R  INDICATES RECORD WAS SET OR TIED.
MM INDICATES DATA IS MISSING.
T  INDICATES TRACE AMOUNT.

$$
