000
CXUS56 KSTO 021538
CLMSAC

CLIMATE REPORT
NATIONAL WEATHER SERVICE SACRAMENTO
838 AM PDT WED JUN 02 2021

...................................

...THE SACRAMENTO EXEC. AIRPORT CA CLIMATE SUMMARY FOR THE MONTH OF MAY 2021...

CLIMATE NORMAL PERIOD: 1991 TO 2020
CLIMATE RECORD PERIOD: 1930 TO 2021

WEATHER         OBSERVED          NORMAL  DEPART   LAST YEAR`S
                VALUE   DATE(S)   VALUE   FROM     VALUE
                                          NORMAL
..............................................................
TEMPERATURE (F)
RECORD
 HIGH            105   05/28/1984
 LOW              34   05/03/1950
HIGHEST          105R  05/31         MM      MM
LOWEST            43   05/20         MM      MM
AVG. MAXIMUM    85.1               80.3     4.8
AVG. MINIMUM    53.6               52.0     1.6
MEAN            69.4               66.1     3.3
DAYS MAX >= 90     8                5.3     2.7
DAYS MAX <= 32     0                0.0     0.0
DAYS MIN <= 32     0                0.0     0.0
DAYS MIN <= 0      0                0.0     0.0

PRECIPITATION (INCHES)
RECORD
 MAXIMUM        3.17   2019
 MINIMUM           T   2014
TOTALS          0.01               0.75   -0.74     0.32
DAYS >= .01        1
DAYS >= .10        0
DAYS >= .50        0
DAYS >= 1.00       0

SNOWFALL (INCHES)
RECORDS
 TOTAL            MM   MM
 24 HR TOTAL      MM
TOTALS            MM                 MM      MM
 LIQUID EQUIV     MM                 MM      MM
SINCE 7/1         MM                 MM      MM
 LIQUID 7/1       MM
DAYS >= TRACE     MM                 MM      MM
DAYS >= 1.0       MM                 MM      MM
GREATEST
 SNOW DEPTH       MM
 24 HR TOTAL      MM
 STORM TOTAL      MM
 (MM/DD(HH))

DEGREE DAYS
HEATING TOTAL     19                 60     -41
 SINCE 7/1      2216               2428    -212
COOLING TOTAL    161                 95      66
 SINCE 1/1       185                114      71

FREEZE DATES
RECORD
 EARLIEST     MM
 LATEST       MM
EARLIEST                        11/29
LATEST                          02/23
..............................................................

WIND (MPH)
AVERAGE WIND SPEED              8.4
HIGHEST WIND SPEED/DIRECTION    29/340    DATE  05/08
HIGHEST GUST SPEED/DIRECTION    36/330    DATE  05/08

SKY COVER
POSSIBLE SUNSHINE (PERCENT)   MM
AVERAGE SKY COVER           0.03
NUMBER OF DAYS FAIR           30
NUMBER OF DAYS PC              1
NUMBER OF DAYS CLOUDY          0

AVERAGE RH (PERCENT)     49

WEATHER CONDITIONS. NUMBER OF DAYS WITH
THUNDERSTORM              0     MIXED PRECIP               0
HEAVY RAIN                0     RAIN                       0
LIGHT RAIN                2     FREEZING RAIN              0
LT FREEZING RAIN          0     HAIL                       0
HEAVY SNOW                0     SNOW                       0
LIGHT SNOW                0     SLEET                      0
FOG                       0     FOG W/VIS <= 1/4 MILE      0
HAZE                      2

-  INDICATES NEGATIVE NUMBERS.
R  INDICATES RECORD WAS SET OR TIED.
MM INDICATES DATA IS MISSING.
T  INDICATES TRACE AMOUNT.

$$
