600
CXUS55 KTWC 020256
CLMSAD

CLIMATE REPORT
NATIONAL WEATHER SERVICE TUCSON AZ
756 PM MST SUN NOV 01 2020

...................................

...THE SAFFORD AZ AIRPORT CLIMATE SUMMARY FOR THE MONTH OF OCTOBER 2020...

CLIMATE NORMAL PERIOD 1981 TO 2010
CLIMATE RECORD PERIOD 1998 TO 2020

WEATHER         OBSERVED          NORMAL  DEPART   LAST YEAR`S
                VALUE   DATE(S)   VALUE   FROM     VALUE
                                          NORMAL
..............................................................
TEMPERATURE (F)
RECORD
 HIGH            101   MM
 LOW              30   10/28/2020
HIGHEST           99   10/01         MM      MM
                       10/03
LOWEST            30R  10/28         MM      MM
AVG. MAXIMUM    88.3               81.9     6.4
AVG. MINIMUM    51.1               52.3    -1.2
MEAN            69.7               67.1     2.6
DAYS MAX >= 90    20                4.9    15.1        7
DAYS MAX >= 100    0                                   0
DAYS MIN <= 32     1                0.2     0.8        1
DAYS MIN >= 80     0                                   0

PRECIPITATION (INCHES)
RECORD
 MAXIMUM        0.07   2019
 MINIMUM        0.07   2019
TOTALS          0.32               1.08   -0.76     0.07
DAILY AVG.      0.01               0.03   -0.02     0.00
DAYS >= .01        1                 MM      MM        1
DAYS >= .10        1                 MM      MM        0
DAYS >= .50        0                 MM      MM        0
DAYS >= 1.00       0                 MM      MM        0
GREATEST
 24 HR. TOTAL   0.32   10/27 TO 10/27               0.07


DEGREE DAYS
HEATING TOTAL     62                 58       4
 SINCE 7/1        62                 59       3
COOLING TOTAL    215                123      92
 SINCE 1/1      3349               2605     744
..............................................................

WIND (MPH)
AVERAGE WIND SPEED              6.4
HIGHEST WIND SPEED/DIRECTION    33/270    DATE  10/25
HIGHEST GUST SPEED/DIRECTION    45/270    DATE  10/25

SKY COVER
POSSIBLE SUNSHINE (PERCENT)   MM
AVERAGE SKY COVER           0.07
NUMBER OF DAYS FAIR           22
NUMBER OF DAYS PC              1
NUMBER OF DAYS CLOUDY          1

AVERAGE RH (PERCENT)     25

WEATHER CONDITIONS. NUMBER OF DAYS WITH
THUNDERSTORM              0     MIXED PRECIP               0
HEAVY RAIN                0     RAIN                       1
LIGHT RAIN                2     FREEZING RAIN              0
LT FREEZING RAIN          0     HAIL                       0
HEAVY SNOW                0     SLEET                      0
FOG                       1     FOG W/VIS <= 1/4 MILE      0
HAZE                      3

-  INDICATES NEGATIVE NUMBERS.
R  INDICATES RECORD WAS SET OR TIED.
MM INDICATES DATA IS MISSING.
T  INDICATES TRACE AMOUNT.

$$
