000
CXUS56 KSGX 010936
CLMSAN


CLIMATE REPORT
NATIONAL WEATHER SERVICE SAN DIEGO, CA
135 AM PST TUE DEC 1 2020

...................................

...THE SAN DIEGO/LINDBERGH FIELD CA CLIMATE SUMMARY FOR THE MONTH OF NOVEMBER 2020...

CLIMATE NORMAL PERIOD 1981 TO 2010
CLIMATE RECORD PERIOD 1874 TO 2020

WEATHER         OBSERVED          NORMAL  DEPART  LAST YEAR`S
                 VALUE   DATE(S)  VALUE   FROM    VALUE  DATE(S)
                                          NORMAL
................................................................
TEMPERATURE (F)
RECORD
 HIGH             100   11/04/2010
 LOW               36   11/28/1919
HIGHEST            90   11/16        70      20       91  11/18
LOWEST             42   11/28        54     -12       48  11/04
                                                          11/03
                                                          11/01
AVG. MAXIMUM     72.3              69.0     3.3     72.1
AVG. MINIMUM     53.0              53.6    -0.6     54.3
MEAN             62.7              61.3     1.4     63.2
DAYS MAX >= 90      1               0.1     0.9        1
DAYS MAX <= 32      0               0.0     0.0        0
DAYS MIN <= 32      0               0.0     0.0        0

PRECIPITATION (INCHES)
RECORD
 MAXIMUM         5.82   1965
 MINIMUM         0.00   1980
                        1956
                        1904
TOTALS           0.26              1.01   -0.75     2.72
DAILY AVG.       0.01              0.03   -0.02     0.09
DAYS >= .01         2               4.1    -2.1        7
DAYS >= .10         2               2.2    -0.2        6
DAYS >= .50         0               0.6    -0.6        2
DAYS >= 1.00        0               0.2    -0.2        1
GREATEST
 24 HR. TOTAL    0.14   11/08 TO 11/08           11/28 TO 11/28
                                                          11/30 TO 11/30EATHER         OBSERVED          NORMAL  DEPART  LAST YEAR`S
                                                          11/30 TO 11/30EATHER         OBSERVED          NORMAL  DEPART  LAST YEAR`S
 STORM TOTAL       MM                                 MM
 (MM/DD(HH))            MM                    11/28(00) TO 11/28(00)
                                                 11/30(00) TO 11/30(00)0EATHER         OBSERVED          NORMAL  DEPART  LAST YEAR`S
                                                 11/30(00) TO 11/30(00)0EATHER         OBSERVED          NORMAL  DEPART  LAST YEAR`S

DEGREE_DAYS
HEATING TOTAL      99               124     -25       75
 SINCE 7/1        101               145     -44       83
COOLING TOTAL      36                13      23       29
 SINCE 1/1       1296               720     576      820

FREEZE DATES
RECORD
 EARLIEST     MM
 LATEST       MM
EARLIEST                        MM
LATEST                          MM
.................................................................

WIND (MPH)
AVERAGE WIND SPEED              4.2
RESULTANT WIND SPEED/DIRECTION   2/297
HIGHEST WIND SPEED/DIRECTION    29/260    DATE  11/08
HIGHEST GUST SPEED/DIRECTION    36/260    DATE  11/08

SKY COVER
POSSIBLE SUNSHINE (PERCENT)   MM
AVERAGE SKY COVER           0.40
NUMBER OF DAYS FAIR           11
NUMBER OF DAYS PC             16
NUMBER OF DAYS CLOUDY          3

AVERAGE RH (PERCENT)     60

WEATHER CONDITIONS. NUMBER OF DAYS WITH
  0
  1
  0
  0
  0
  0
  7
HAZE                     17

-  INDICATES NEGATIVE NUMBERS.
R  INDICATES RECORD WAS SET OR TIED.
MM INDICATES DATA IS MISSING.
T  INDICATES TRACE AMOUNT.

$$
