000
CXUS54 KEWX 060741 CCA
CLMSAT

CLIMATE REPORT
NATIONAL WEATHER SERVICE AUSTIN/SAN ANTONIO, TX
836 AM CST SUN NOV 1 2020

...................................

...THE SAN ANTONIO CLIMATE SUMMARY FOR THE MONTH OF OCTOBER 2020...

CLIMATE NORMAL PERIOD 1981 TO 2010
CLIMATE RECORD PERIOD 1886 TO 2020

WEATHER         OBSERVED          NORMAL  DEPART  LAST YEAR`S
                 VALUE   DATE(S)  VALUE   FROM    VALUE  DATE(S)
                                          NORMAL
................................................................
TEMPERATURE (F)
HIGHEST            97   10/11                         96  10/10
                        10/10
LOWEST             40   10/28                         34  10/31
AVG. MAXIMUM     84.5              82.2     2.3     83.1
AVG. MINIMUM     60.1              60.1     0.0     59.8
MEAN             72.3              71.2     1.1     71.5
DAYS MAX >= 90     13                                 12
DAYS MAX <= 32      0                                  0
DAYS MIN <= 32      0                                  0
DAYS MIN <= 0       0                                  0

PRECIPITATION (INCHES)
TOTALS           0.23              4.11   -3.88     4.02
DAILY AVG.       0.01              0.13   -0.12     0.13
DAYS >= .01         6                                  8
DAYS >= .10         0                                  3
DAYS >= .50         0                                  2
DAYS >= 1.00        0                                  1
GREATEST
 24 HR. TOTAL    0.08   10/28 TO 10/28

SNOWFALL (INCHES)
TOTALS            0.0               0.0     0.0      0.0
SINCE 7/1         0.0               0.0     0.0      0.0

DEGREE_DAYS
HEATING TOTAL      59                31      28       61
 SINCE 7/1         59                33      26       61
COOLING TOTAL     290               221      69      268
 SINCE 1/1       3552              3055     497     3406
.................................................................

WIND (MPH)
AVERAGE WIND SPEED              7.9
HIGHEST WIND SPEED/DIRECTION    26/330    DATE  10/29
HIGHEST GUST SPEED/DIRECTION    40/360    DATE  10/15

SKY COVER
POSSIBLE SUNSHINE (PERCENT)   MM
AVERAGE SKY COVER           0.40
NUMBER OF DAYS FAIR           13
NUMBER OF DAYS PC             13
NUMBER OF DAYS CLOUDY          5

AVERAGE RH (PERCENT)     61

WEATHER CONDITIONS. NUMBER OF DAYS WITH
THUNDERSTORM              0     MIXED PRECIP               0
HEAVY RAIN                0     RAIN                       0
LIGHT RAIN                9     FREEZING RAIN              0
LT FREEZING RAIN          0     HAIL                       0
HEAVY SNOW                0     SNOW                       0
LIGHT SNOW                0     SLEET                      0
FOG                       4     FOG W/VIS <= 1/4 MILE      0
HAZE                      0

-  INDICATES NEGATIVE NUMBERS.
R  INDICATES RECORD WAS SET OR TIED.
MM INDICATES DATA IS MISSING.
T  INDICATES TRACE AMOUNT.

&&

MONTHLY CLIMATE SUMMARY:
OCTOBER 2020 WAS THE 41ST WARMEST AND 14TH DRIEST OCTOBER
SINCE RECORD KEEPING BEGAN.

SEA LEVEL PRESSURE DATA:
HIGHEST SLP 30.33 ON THE 30TH
LOWEST SLP 29.72 ON THE 9TH


PRELIMINARY LOCAL CLIMATOLOGICAL DATA (WS FORM: F-6)

                                          STATION:   SAN ANTONIO
                                          MONTH:     OCTOBER
                                          YEAR:      2020
                                          LATITUDE:   29 31 N
                                          LONGITUDE:  98 28 W

  TEMPERATURE IN F:       :PCPN:    SNOW:  WIND      :SUNSHINE: SKY     :PK WND
================================================================================
1   2   3   4   5  6A  6B    7    8   9   10  11  12  13   14  15   16   17  18
                                     12Z  AVG MX 2MIN
DY MAX MIN AVG DEP HDD CDD  WTR  SNW DPTH SPD SPD DIR MIN PSBL S-S WX    SPD DR
================================================================================
 1  90  54  72  -3   0   7 0.00  0.0    0  5.7 13 110   M    M   1        17 110
 2  84  62  73  -2   0   8 0.00  0.0    0  6.7 14  80   M    M   0        19  70
 3  86  56  71  -4   0   6 0.00  0.0    0  7.3 18 120   M    M   1        27 150
 4  90  60  75   1   0  10 0.00  0.0    0  3.0 13 110   M    M   2        17  50
 5  89  63  76   2   0  11 0.00  0.0    0  4.8 13 150   M    M   0        16 150
 6  89  65  77   3   0  12 0.00  0.0    0  3.5 12 130   M    M   3        15 120
 7  91  63  77   3   0  12 0.00  0.0    0  4.2 15 100   M    M   5        22 100
 8  89  60  75   2   0  10 0.00  0.0    0  6.5 13  70   M    M   5        18 100
 9  92  71  82   9   0  17 0.00  0.0    0  6.2 14  30   M    M   6        20  40
10  97  67  82   9   0  17 0.00  0.0    0  4.0 12 140   M    M   1        17 200
11  97  65  81   8   0  16 0.00  0.0    0  6.3 16 150   M    M   0        22 160
12  93  72  83  11   0  18 0.00  0.0    0  6.8 17 350   M    M   3        26 360
13  90  66  78   6   0  13 0.00  0.0    0  3.3 10  90   M    M   4        13  60
14  92  66  79   7   0  14 0.00  0.0    0  7.8 17 160   M    M   3        24 150
15  89  68  79   7   0  14 0.00  0.0    0 10.4 24  10   M    M   8        40 360
16  78  64  71   0   0   6 0.00  0.0    0 12.8 25  40   M    M   7        36  50
17  74  59  67  -4   0   2 0.03  0.0    0  5.4 16 130   M    M   8 1      19 130
18  92  69  81  10   0  16 0.00  0.0    0 10.9 17 140   M    M   5        24 190
19  92  73  83  13   0  18    T  0.0    0 10.7 17 130   M    M   6        24 160
20  91  73  82  12   0  17 0.02  0.0    0 12.2 21 140   M    M   8        26 150
21  89  73  81  11   0  16    T  0.0    0 10.6 17 130   M    M   7        22 140
22  90  73  82  12   0  17    T  0.0    0 11.9 18 150   M    M   7        23 130
23  88  56  72   3   0   7    T  0.0    0 10.3 24 360   M    M   8        34  10
24  70  54  62  -7   3   0 0.00  0.0    0  7.9 17 360   M    M   7        24 360
25  85  56  71   2   0   6 0.02  0.0    0  8.7 22 140   M    M   7 1      28 140
26  84  45  65  -3   0   0 0.05  0.0    0 12.3 25 360   M    M   9 1      34  20
27  45  41  43 -25  22   0 0.03  0.0    0 12.3 20  10   M    M  10 1      28  20
28  67  40  54 -14  11   0 0.08  0.0    0 11.5 22 330   M    M   5        33 320
29  68  42  55 -12  10   0 0.00  0.0    0 11.8 26 330   M    M   0        36 320
30  71  45  58  -9   7   0 0.00  0.0    0  3.9 13  70   M    M   1        17  20
31  77  41  59  -8   6   0 0.00  0.0    0  4.5 13 220   M    M   2        22 210
================================================================================
SM 2619 1862        59 290  0.23  0.0    244.2          M      139
================================================================================
AV 84.5 60.1                               7.9 FASTST   M    M   4    MAX(MPH)
                                 MISC ---->    26 330                 40 360
================================================================================
NOTES:
# LAST OF SEVERAL OCCURRENCES

COLUMN 17 PEAK WIND IN M.P.H.

SYMBOLS USED IN COLUMN 16
1 = FOG OR MIST
2 = FOG REDUCING VISIBILITY TO 1/4 MILE OR LESS
3 = THUNDER
4 = ICE PELLETS
5 = HAIL
6 = FREEZING RAIN OR DRIZZLE
7 = DUSTSTORM OR SANDSTORM
8 = SMOKE OR HAZE
9 = BLOWING SNOW
X = TORNADO

$$
