000
CXUS52 KCHS 012119
CLMSAV

CLIMATE REPORT
NATIONAL WEATHER SERVICE CHARLESTON SC
405 PM EST TUE DEC 01 2020

...................................

...THE SAVANNAH GA CLIMATE SUMMARY FOR THE MONTH OF NOVEMBER 2020...

CLIMATE NORMAL PERIOD 1981 TO 2010
CLIMATE RECORD PERIOD 1871 TO 2020

WEATHER         OBSERVED          NORMAL  DEPART   LAST YEAR`S
                VALUE   DATE(S)   VALUE   FROM     VALUE DATE(S)
                                          NORMAL
................................................................
TEMPERATURE (F)
RECORD
 HIGH             89   11/01/1961
 LOW              15   11/25/1970
HIGHEST           86   11/11                          81  11/27
LOWEST            39   11/03                          30  11/13
AVG. MAXIMUM    75.7               70.6     5.1     67.9
AVG. MINIMUM    56.4               47.9     8.5     45.2
MEAN            66.1               59.3     6.8     56.6
DAYS MAX >= 90     0                0.0     0.0        0
DAYS MAX <= 32     0                0.0     0.0        0
DAYS MIN <= 32     0                1.5    -1.5        1
DAYS MIN <= 0      0                0.0     0.0        0

PRECIPITATION (INCHES)
RECORD
 MAXIMUM        6.28   1898
 MINIMUM        0.01   1922
TOTALS          2.65               2.37    0.28     6.19
DAYS >= .01       11                6.8     4.2        7
DAYS >= .10        7                3.9     3.1        5
DAYS >= .50        1                1.9    -0.9        3
DAYS >= 1.00       0                0.7    -0.7        2
GREATEST
 24 HR. TOTAL   0.98   11/10 TO 11/11

SNOWFALL (INCHES)
TOTALS           0.0                0.0     0.0
SINCE 7/1        0.0                0.0     0.0

DEGREE DAYS
HEATING TOTAL     84                210    -126      257
 SINCE 7/1        86                266    -180
COOLING TOTAL    125                 37      88       12
 SINCE 1/1      3207               2449     758
................................................................

WIND (MPH)
AVERAGE WIND SPEED              7.5
HIGHEST WIND SPEED/DIRECTION    29/280
HIGHEST GUST SPEED/DIRECTION    38/160


WEATHER CONDITIONS. NUMBER OF DAYS WITH
THUNDERSTORM              0     MIXED PRECIP               0
HEAVY RAIN                5     RAIN                       8
LIGHT RAIN               12     FREEZING RAIN              0
LT FREEZING RAIN          0     HAIL                       0
HEAVY SNOW                0     SNOW                       0
LIGHT SNOW                0     SLEET                      0
FOG                      17     FOG W/VIS <= 1/4 MILE      2
HAZE                      5

-  INDICATES NEGATIVE NUMBERS.
R  INDICATES RECORD WAS SET OR TIED.
MM INDICATES DATA IS MISSING.
T  INDICATES TRACE AMOUNT.

&&

RECORDS ESTABLISHED AT THE SAVANNAH INTERNATIONAL AIRPORT DURING THE
MONTH:

*2ND WARMEST NOVEMBER ON RECORD
*NOV 7 - RECORD HIGH MINIMUM TEMPERATURE OF 69 DEGREES
*NOV 9 - RECORD HIGH MINIMUM TEMPERATURE OF 70 DEGREES
*NOV 10 - RECORD HIGH MINIMUM TEMPERATURE OF 72 DEGREES
*NOV 11 - RECORD HIGH TEMPERATURE OF 86 DEGREES
*NOV 11 - RECORD HIGH MINIMUM TEMPERATURE OF 76 DEGREES
*NOV 12 - RECORD HIGH MINIMUM TEMPERATURE OF 70 DEGREES

$$
