832
CXUS52 KMLB 011646
CLMSFB

CLIMATE REPORT
NATIONAL WEATHER SERVICE MELBOURNE FL
1246 PM EDT TUE JUN 01 2021

...................................

...THE SANFORD CLIMATE SUMMARY FOR THE MONTH OF MAY 2021...

CLIMATE NORMAL PERIOD 1991 TO 2020
CLIMATE RECORD PERIOD 1948 TO 2021

WEATHER         OBSERVED          NORMAL  DEPART   LAST YEAR`S
                VALUE   DATE(S)   VALUE   FROM     VALUE
                                          NORMAL
..............................................................
TEMPERATURE (F)
MONTHLY RECORD
 HOTTEST        80.1   2003
 COLDEST        71.1   1988
DAILY RECORD
 HIGH            100   05/24/1998
                       05/23/1998
                       05/27/1962
 LOW              45   05/08/1992
MAY 2021
HIGHEST           95   05/03                          95
LOWEST            62   05/16                          52
                       05/23
                       05/24
AVG. MAXIMUM    88.2               88.5    -0.3     88.4
AVG. MINIMUM    67.5               67.0     0.5     67.2
MEAN            77.8               77.7     0.1     77.8
DAYS MAX >= 90    14               14.1    -0.1       13
DAYS MAX <= 32     0                0.0     0.0        0
DAYS MIN <= 32     0                0.0     0.0        0
DAYS MIN <= 0      0                0.0     0.0        0

PRECIPITATION (INCHES)
MONTHLY RECORD
 MAXIMUM       17.03   2009
 MINIMUM        0.26   2000
DAILY RECORD
 MAXIMUM        5.66   05/19/2009
MAY 2021
TOTALS          1.38               3.31   -1.93     4.36
DAYS >= .01        4                                  10
DAYS >= .10        3                                   6
DAYS >= .50        1                                   3
DAYS >= 1.00       0                                   2
GREATEST
 24 HR. TOTAL   0.74   05/04 TO 05/05

SNOWFALL (INCHES)
TOTALS           0.0                 MM      MM      0.0
SINCE 7/1        0.0                 MM      MM       MM
DAYS >= TRACE      0                                   0

DEGREE DAYS
HEATING TOTAL      0                  0       0        0
 SINCE 7/1       480                557     -77       MM
COOLING TOTAL    405                396       9      402
 SINCE 1/1       975                858     117       MM
..............................................................

WIND (MPH)
AVERAGE WIND SPEED              8.3
HIGHEST WIND SPEED/DIRECTION    37/280    DATE  05/03
HIGHEST GUST SPEED/DIRECTION    44/270    DATE  05/03

SKY COVER
POSSIBLE SUNSHINE (PERCENT)   MM
AVERAGE SKY COVER           0.24
NUMBER OF DAYS FAIR           24
NUMBER OF DAYS PC              7
NUMBER OF DAYS CLOUDY          0

AVERAGE RH (PERCENT)     63

WEATHER CONDITIONS. NUMBER OF DAYS WITH
THUNDERSTORM              9     MIXED PRECIP               0
HEAVY RAIN                3     RAIN                       4
LIGHT RAIN               12     LT FREEZING RAIN           0
HAIL                      0     LIGHT SNOW                 0
SLEET                     0     FOG                        1
FOG W/VIS <= 1/4 MILE     0     HAZE                       1

-  INDICATES NEGATIVE NUMBERS.
R  INDICATES RECORD WAS SET OR TIED.
MM INDICATES DATA IS MISSING.
T  INDICATES TRACE AMOUNT.

$$
