000
CXUS52 KMLB 011339
CLMSFB

CLIMATE REPORT
NATIONAL WEATHER SERVICE MELBOURNE FL
839 AM EST SUN NOV 01 2020

...................................

...THE SANFORD CLIMATE SUMMARY FOR THE MONTH OF OCTOBER 2020...

CLIMATE NORMAL PERIOD 1981 TO 2010
CLIMATE RECORD PERIOD 1948 TO 2020

WEATHER         OBSERVED          NORMAL  DEPART   LAST YEAR`S
                VALUE   DATE(S)   VALUE   FROM     VALUE
                                          NORMAL
..............................................................
TEMPERATURE (F)
MONTHLY RECORD
 HOTTEST        79.0   2002
 COOLEST        69.1   1987
DAILY RECORD
 HIGH             95   10/04/1970
                       10/02/1958
 LOW              39   10/21/1989
OCTOBER 2020
HIGHEST           93   10/07                          92
LOWEST            61   10/31                          65
AVG. MAXIMUM    86.5               84.5     2.0     87.0
AVG. MINIMUM    71.4               66.4     5.0     70.8
MEAN            79.0               75.4     3.6     78.9
DAYS MAX >= 90     6                4.0     2.0       11
DAYS MAX <= 32     0                0.0     0.0        0
DAYS MIN <= 32     0                0.0     0.0        0
DAYS MIN <= 0      0                0.0     0.0        0

PRECIPITATION (INCHES)
MONTHLY RECORD
 MAXIMUM       11.42   1958
 MINIMUM        0.06   2010
DAILY RECORD
 MAXIMUM        5.96   10/06/2016
OCTOBER 2020
TOTALS          1.46               3.67   -2.21     6.35
DAYS >= .01       14                                  10
DAYS >= .10        6                                   7
DAYS >= .50        0                                   5
DAYS >= 1.00       0                                   2
GREATEST
 24 HR. TOTAL   0.60   10/10 TO 10/11

SNOWFALL (INCHES)
TOTALS           0.0                 MM      MM      0.0
SINCE 7/1        0.0                 MM      MM       MM
DAYS >= TRACE      0                                   0

DEGREE DAYS
HEATING TOTAL      0                  6      -6        0
 SINCE 7/1         0                  1      -1        0
COOLING TOTAL    442                330     112      441
 SINCE 1/1      3925               3224     701     3761
..............................................................

WIND (MPH)
AVERAGE WIND SPEED              7.0
HIGHEST WIND SPEED/DIRECTION    25/110    DATE  10/22
HIGHEST GUST SPEED/DIRECTION    35/040    DATE  10/18

SKY COVER
POSSIBLE SUNSHINE (PERCENT)   MM
AVERAGE SKY COVER           0.27
NUMBER OF DAYS FAIR           19
NUMBER OF DAYS PC             12
NUMBER OF DAYS CLOUDY          0

AVERAGE RH (PERCENT)     75

WEATHER CONDITIONS. NUMBER OF DAYS WITH
THUNDERSTORM              4     MIXED PRECIP               0
HEAVY RAIN                3     RAIN                       5
LIGHT RAIN               17     LT FREEZING RAIN           0
HAIL                      0     LIGHT SNOW                 0
SLEET                     0     FOG                        9
FOG W/VIS <= 1/4 MILE     0     HAZE                       2

-  INDICATES NEGATIVE NUMBERS.
R  INDICATES RECORD WAS SET OR TIED.
MM INDICATES DATA IS MISSING.
T  INDICATES TRACE AMOUNT.

$$
