000
CXUS56 KOTX 011306
CLMSFF

CLIMATE REPORT
NATIONAL WEATHER SERVICE SPOKANE WA
506 AM PST TUE DEC 01 2020

...................................

...THE SPOKANE WA FELTS AIRPORT CLIMATE SUMMARY FOR THE MONTH OF NOVEMBER 2020...

CLIMATE NORMAL PERIOD 1981 TO 2010
CLIMATE RECORD PERIOD 9999 TO 9999

WEATHER         OBSERVED          NORMAL  DEPART   LAST YEAR`S
                VALUE   DATE(S)   VALUE   FROM     VALUE DATE(S)
                                          NORMAL
................................................................
TEMPERATURE (F)
RECORD
 HIGH             MM   MM
 LOW              MM
HIGHEST           64   11/04         MM      MM       57  11/04
LOWEST            23   11/09         MM      MM       16  11/29
AVG. MAXIMUM    46.2               43.8     2.4     44.9
AVG. MINIMUM    32.5               30.4     2.1     29.1
MEAN            39.3               37.1     2.3     37.0
DAYS MAX >= 90     0                0.0     0.0        0
DAYS MAX <= 32     1                2.2    -1.2        2
DAYS MIN <= 32    17               17.2    -0.2       24
DAYS MIN <= 0      0                0.1    -0.1        0

PRECIPITATION (INCHES)
RECORD
 MAXIMUM          MM   MM
 MINIMUM          MM   MM
TOTALS          1.37               2.27   -0.90     0.69
DAILY AVG.      0.05               0.08   -0.03     0.02
DAYS >= .01       14                 MM      MM        5
DAYS >= .10        5                 MM      MM        2
DAYS >= .50        0                 MM      MM        0
DAYS >= 1.00       0                 MM      MM        0
GREATEST
 24 HR. TOTAL   0.41   11/05 TO 11/06               0.38


DEGREE DAYS
HEATING TOTAL    763                837     -74      832
 SINCE 7/1      1348               1572    -224     1653
COOLING TOTAL      0                  0       0        0
 SINCE 1/1       553                406     147      522
................................................................

WIND (MPH)
AVERAGE WIND SPEED              4.4
HIGHEST WIND SPEED/DIRECTION    28/230    DATE  11/13
                                28/230          11/15
HIGHEST GUST SPEED/DIRECTION    35/220    DATE  11/13

SKY COVER
POSSIBLE SUNSHINE (PERCENT)   MM
AVERAGE SKY COVER           0.57
NUMBER OF DAYS FAIR            8
NUMBER OF DAYS PC             11
NUMBER OF DAYS CLOUDY         11

AVERAGE RH (PERCENT)     76

WEATHER CONDITIONS. NUMBER OF DAYS WITH
THUNDERSTORM              0     MIXED PRECIP               0
HEAVY RAIN                1     RAIN                       1
LIGHT RAIN               10     FREEZING RAIN              0
LT FREEZING RAIN          0     HAIL                       0
HEAVY SNOW                0     SNOW                       0
LIGHT SNOW                6     SLEET                      0
FOG                      22     FOG W/VIS <= 1/4 MILE      4
HAZE                      2

-  INDICATES NEGATIVE NUMBERS.
R  INDICATES RECORD WAS SET OR TIED.
MM INDICATES DATA IS MISSING.
T  INDICATES TRACE AMOUNT.

$$
