000
CXUS53 KSGF 011708
CLMSGF

CLIMATE REPORT
NATIONAL WEATHER SERVICE
1108 AM CST SUN NOV 01 2020

...................................

...THE SPRINGFIELD MO CLIMATE SUMMARY FOR THE MONTH OF OCTOBER 2020...

CLIMATE NORMAL PERIOD: 1981 TO 2010
CLIMATE RECORD PERIOD: 1888 TO 2020

WEATHER         OBSERVED          NORMAL  DEPART   LAST YEAR`S
                VALUE   DATE(S)   VALUE   FROM     VALUE
                                          NORMAL
..............................................................
TEMPERATURE (F)
RECORD
 HIGH             93   10/05/1981
                       10/02/1976
 LOW              18   10/31/1993
HIGHEST           87   10/07         70      17       MM
                       10/14
LOWEST            28   10/30         46     -18       MM
AVG. MAXIMUM    67.4               69.0    -1.6       MM
AVG. MINIMUM    43.6               46.5    -2.9
MEAN            55.5               57.8    -2.3
DAYS MAX >= 90     0                0.0     0.0
DAYS MAX <= 32     0                0.0     0.0
DAYS MIN <= 32     4                2.0     2.0
DAYS MIN <= 0      0                0.0     0.0

PRECIPITATION (INCHES)
RECORD
 MAXIMUM       11.94   1919
 MINIMUM        0.31   1917
TOTALS          4.26               3.59    0.67       MM
DAILY AVG.      0.14               0.12    0.02
DAYS >= .01        9                9.5    -0.5
DAYS >= .10        6                5.9     0.1
DAYS >= .50        4                2.3     1.7
DAYS >= 1.00       1                1.1    -0.1
GREATEST
 24 HR. TOTAL   1.72   10/26 TO 10/27                 MM


DEGREE DAYS
HEATING TOTAL    329                253      76       MM
 SINCE 7/1       350                307      43       MM
COOLING TOTAL     42                 28      14       MM
 SINCE 1/1      1458               1387      71       MM

FREEZE DATES
RECORD
 EARLIEST     05/19/1894
 LATEST       09/24/1989
EARLIEST      10/16             10/16
LATEST                          04/18
..............................................................

WIND (MPH)
AVERAGE WIND SPEED              9.4
RESULTANT WIND SPEED/DIRECTION   2/130
HIGHEST WIND SPEED/DIRECTION    33/180    DATE  10/17
HIGHEST GUST SPEED/DIRECTION    45/200    DATE  10/17

SKY COVER
POSSIBLE SUNSHINE (PERCENT)   MM
AVERAGE SKY COVER           0.38
NUMBER OF DAYS FAIR           17
NUMBER OF DAYS PC              5
NUMBER OF DAYS CLOUDY          9

AVERAGE RH (PERCENT)     70

WEATHER CONDITIONS. NUMBER OF DAYS WITH
THUNDERSTORM              3     MIXED PRECIP               0
HEAVY RAIN                5     RAIN                       5
LIGHT RAIN               12     FREEZING RAIN              0
LT FREEZING RAIN          0     HAIL                       0
HEAVY SNOW                0     SNOW                       0
LIGHT SNOW                0     SLEET                      0
FOG                      17     FOG W/VIS <= 1/4 MILE      1
HAZE                      5

-  INDICATES NEGATIVE NUMBERS.
R  INDICATES RECORD WAS SET OR TIED.
MM INDICATES DATA IS MISSING.
T  INDICATES TRACE AMOUNT.

$$
