028
CXUS55 KBYZ 011006
CLMSHR

CLIMATE REPORT
NATIONAL WEATHER SERVICE BILLINGS MT
406 AM MDT TUE JUN 01 2021

...................................

...THE SHERIDAN WY CLIMATE SUMMARY FOR THE MONTH OF MAY 2021...

CLIMATE NORMAL PERIOD 1991 TO 2020
CLIMATE RECORD PERIOD 1907 TO 2021

WEATHER         OBSERVED          NORMAL  DEPART
                VALUE   DATE(S)   VALUE   FROM
                                          NORMAL
................................................
TEMPERATURE (F)
HIGHEST           85   05/18
LOWEST            28   05/10
AVG. MAXIMUM    65.5               66.1    -0.6
AVG. MINIMUM    37.8               38.7    -0.9
MEAN            51.6               52.4    -0.8
DAYS MAX >= 90     0
DAYS MAX <= 32     0
DAYS MIN <= 32     8
DAYS MIN <= 0      0

PRECIPITATION (INCHES)
TOTALS          1.11               2.68   -1.57
DAYS >= .01       11
DAYS >= .10        4
DAYS >= .50        0
DAYS >= 1.00       0
GREATEST
 24 HR. TOTAL   0.48   05/01 TO 05/02


DEGREE DAYS
HEATING TOTAL    405                394      11
 SINCE 7/1      7138               7405    -267
COOLING TOTAL      0                  4      -4
 SINCE 1/1         0                  4      -4
................................................

WIND (MPH)
AVERAGE WIND SPEED              7.6
HIGHEST WIND SPEED/DIRECTION    46/310    DATE  05/28
HIGHEST GUST SPEED/DIRECTION    56/310    DATE  05/28

AVERAGE RH (PERCENT)     63

WEATHER CONDITIONS. NUMBER OF DAYS WITH
THUNDERSTORM              5     MIXED PRECIP               0
HEAVY RAIN                1     RAIN                       5
LIGHT RAIN               16     FREEZING RAIN              0
LT FREEZING RAIN          0     HAIL                       0
HEAVY SNOW                0     SNOW                       0
LIGHT SNOW                1     SLEET                      0
FOG                       6     FOG W/VIS <= 1/4 MILE      1
HAZE                      1

-  INDICATES NEGATIVE NUMBERS.
R  INDICATES RECORD WAS SET OR TIED.
MM INDICATES DATA IS MISSING.
T  INDICATES TRACE AMOUNT.

$$
