000
CXUS54 KSJT 011546
CLMSJT

CLIMATE REPORT
NATIONAL WEATHER SERVICE SAN ANGELO TX
946 AM CST SUN NOV 01 2020

...................................

...THE SAN ANGELO CLIMATE SUMMARY FOR THE MONTH OF OCTOBER 2020...

CLIMATE NORMAL PERIOD: 1981 TO 2010
CLIMATE RECORD PERIOD: 1907 TO 2020

WEATHER         OBSERVED          NORMAL  DEPART   LAST YEAR`S
                VALUE   DATE(S)   VALUE   FROM     VALUE DATE(S)
                                          NORMAL
................................................................
TEMPERATURE (F)
RECORD
 HIGH            102   10/13/1926
 LOW              19   10/30/1917
HIGHEST          101   10/10                          98  10/06
                       10/11
LOWEST            30   10/27                          22  10/31
AVG. MAXIMUM    81.4               78.8     2.6     80.4
AVG. MINIMUM    49.3               53.6    -4.3     50.5
MEAN            65.4               66.2    -0.8     65.4
DAYS MAX >= 90     8                2.1     5.9       10
DAYS MAX <= 32     0                0.0     0.0        0
DAYS MIN <= 32     3                0.3     2.7        1
DAYS MIN <= 0      0                0.0     0.0        0

PRECIPITATION (INCHES)
RECORD
 MAXIMUM       11.37   2018
 MINIMUM        0.00   1875
TOTALS          0.50               2.73   -2.23     0.53
DAILY AVG.      0.02               0.09   -0.07     0.02
DAYS >= .01        3                6.2    -3.2        4
DAYS >= .10        1                4.3    -3.3        1
DAYS >= .50        0                1.9    -1.9        0
DAYS >= 1.00       0                0.7    -0.7        0
GREATEST
 24 HR. TOTAL   0.41   10/26 TO 10/27               0.49  10/11 TO 10/11

SNOWFALL (INCHES)
RECORDS
 TOTAL           0.0   2013
TOTALS           0.3                0.0     0.3      0.0
SINCE 7/1         MM                0.0      MM       MM
SNOWDEPTH AVG.     0                                   0
DAYS >= 1.0        0                0.0     0.0        0
GREATEST
 SNOW DEPTH       MM                                   0  MM

DEGREE DAYS
HEATING TOTAL    121                 82      39      158
 SINCE 7/1       148                 89      59      158
COOLING TOTAL    139                119      20      177
 SINCE 1/1      2953               2484     469     2918
................................................................

WIND (MPH)
AVERAGE WIND SPEED              8.7
HIGHEST WIND SPEED/DIRECTION    28/320    DATE  10/29
HIGHEST GUST SPEED/DIRECTION    37/300    DATE  10/29

SKY COVER
AVERAGE SKY COVER           0.19

AVERAGE RH (PERCENT)     59

WEATHER CONDITIONS. NUMBER OF DAYS WITH
THUNDERSTORM              0     MIXED PRECIP               0
HEAVY RAIN                1     RAIN                       1
LIGHT RAIN                2     FREEZING RAIN              1
LT FREEZING RAIN          2     HAIL                       0
HEAVY SNOW                0     SNOW                       0
LIGHT SNOW                2     SLEET                      0
FOG                       5     FOG W/VIS <= 1/4 MILE      0
HAZE                      2

-  INDICATES NEGATIVE NUMBERS.
R  INDICATES RECORD WAS SET OR TIED.
MM INDICATES DATA IS MISSING.
T  INDICATES TRACE AMOUNT.

$$
