000
CXUS54 KSJT 011933
CLMSJT

CLIMATE REPORT
NATIONAL WEATHER SERVICE SAN ANGELO TX
233 PM CDT TUE JUN 01 2021

...................................

...THE SAN ANGELO CLIMATE SUMMARY FOR THE MONTH OF MAY 2021...

CLIMATE NORMAL PERIOD: 1991 TO 2020
CLIMATE RECORD PERIOD: 1907 TO 2021

WEATHER         OBSERVED          NORMAL  DEPART   LAST YEAR`S
                VALUE   DATE(S)   VALUE   FROM     VALUE DATE(S)
                                          NORMAL
................................................................
TEMPERATURE (F)
RECORD
 HIGH            110   05/28/2011
 LOW              35   05/03/2013
                       05/02/1967
                       05/04/1907
HIGHEST           96   05/27                         108  05/19
LOWEST            47   05/05                          42  05/09
AVG. MAXIMUM    84.3               88.7    -4.4     92.3
AVG. MINIMUM    61.1               62.3    -1.2     61.6
MEAN            72.7               75.5    -2.8     77.0
DAYS MAX >= 90    11               14.4    -3.4       19
DAYS MAX <= 32     0                0.0     0.0        0
DAYS MIN <= 32     0                0.0     0.0        0
DAYS MIN <= 0      0                0.0     0.0        0

PRECIPITATION (INCHES)
RECORD
 MAXIMUM       13.50   1884
 MINIMUM        0.00   1876
TOTALS          1.43               3.05   -1.62     2.22
DAILY AVG.      0.05               0.10   -0.05     0.07
DAYS >= .01        9                6.7     2.3        8
DAYS >= .10        5                4.5     0.5        4
DAYS >= .50        1                2.1    -1.1        2
DAYS >= 1.00       0                1.1    -1.1        0
GREATEST
 24 HR. TOTAL   0.60   05/17 TO 05/18               0.83  05/15 TO 05/15

SNOWFALL (INCHES)
RECORDS
 TOTAL             T   2020
TOTALS            MM                 MM      MM        T
SINCE 7/1         MM                 MM      MM       MM
SNOWDEPTH AVG.    MM                                   0
DAYS >= 1.0       MM                 MM      MM        0
GREATEST
 SNOW DEPTH       MM                                   0  MM

DEGREE DAYS
HEATING TOTAL      9                 10      -1        2
 SINCE 7/1      2366               2129     237     1978
COOLING TOTAL    255                336     -81      380
 SINCE 1/1       403                530    -127      592
................................................................

WIND (MPH)
AVERAGE WIND SPEED              10.0
HIGHEST WIND SPEED/DIRECTION    39/340    DATE  05/29
HIGHEST GUST SPEED/DIRECTION    52/330    DATE  05/29

SKY COVER
AVERAGE SKY COVER           0.39

AVERAGE RH (PERCENT)     65

WEATHER CONDITIONS. NUMBER OF DAYS WITH
THUNDERSTORM              8     MIXED PRECIP               0
HEAVY RAIN                3     RAIN                       2
LIGHT RAIN                8     FREEZING RAIN              0
LT FREEZING RAIN          0     HAIL                       0
HEAVY SNOW                0     SNOW                       0
LIGHT SNOW                0     SLEET                      0
FOG                      12     FOG W/VIS <= 1/4 MILE      1
HAZE                      5

-  INDICATES NEGATIVE NUMBERS.
R  INDICATES RECORD WAS SET OR TIED.
MM INDICATES DATA IS MISSING.
T  INDICATES TRACE AMOUNT.

$$
