000
CXCA52 TJSJ 010434
CLMSJU


CLIMATE REPORT
NATIONAL WEATHER SERVICE SAN JUAN, PR
1228 AM AST TUE DEC 1 2020

...................................

...THE SAN JUAN AREA/PR CLIMATE SUMMARY FOR THE MONTH OF NOVEMBER 2020...

CLIMATE NORMAL PERIOD 1981 TO 2010
CLIMATE RECORD PERIOD 1898 TO 2020

WEATHER         OBSERVED          NORMAL  DEPART  LAST YEAR`S
                 VALUE   DATE(S)  VALUE   FROM    VALUE  DATE(S)
                                          NORMAL
................................................................
TEMPERATURE (F)
RECORD
 HIGH              96   11/06/1981
 LOW               65   11/09/1898
HIGHEST            90   11/08        90       0       91  11/10
LOWEST             73   11/28        70       3       74  11/30
                        11/26                             11/29
                        11/08                             11/02
AVG. MAXIMUM     86.3              85.9     0.4     87.7
AVG. MINIMUM     75.0              75.2    -0.2     76.6
MEAN             80.7              80.6     0.1     82.1
DAYS MAX >= 90      1               1.3    -0.3        1
DAYS MAX <= 32      0               0.0     0.0        0
DAYS MIN <= 32      0               0.0     0.0        0
DAYS MIN <= 0       0               0.0     0.0        0

PRECIPITATION (INCHES)
RECORD
 MAXIMUM        17.65   2016
 MINIMUM         1.48   1954
TOTALS           7.66              6.35    1.31     4.36
DAILY AVG.       0.26              0.22    0.04     0.15
DAYS >= .01        23              19.6     3.4       20
DAYS >= .10        12              12.4    -0.4       11
DAYS >= .50         4               4.3    -0.3        3
DAYS >= 1.00        3               1.3     1.7        0
GREATEST
 24 HR. TOTAL    2.44   11/10 TO 11/10

SNOWFALL (INCHES)
TOTALS            0.0               0.0     0.0      0.0

DEGREE_DAYS
HEATING TOTAL       0                 0       0        0
COOLING TOTAL     479               466      13      522
.................................................................

WIND (MPH)
AVERAGE WIND SPEED              6.1
HIGHEST WIND SPEED/DIRECTION    25/080    DATE  11/12
HIGHEST GUST SPEED/DIRECTION    32/080    DATE  11/12

SKY COVER
AVERAGE SKY COVER           0.50

AVERAGE RH (PERCENT)     79

WEATHER CONDITIONS. NUMBER OF DAYS WITH
THUNDERSTORM              1     MIXED PRECIP                0
HEAVY RAIN                3     RAIN                        7
LIGHT RAIN               23     FREEZING RAIN               0
LT FREEZING RAIN          0     HAIL                        0
HEAVY SNOW                0     SNOW                        0
LIGHT SNOW                0     SLEET                       0
FOG                      15     FOG W/VIS <= 1/4 MILE       0
HAZE                      4

-  INDICATES NEGATIVE NUMBERS.
R  INDICATES RECORD WAS SET OR TIED.
MM INDICATES DATA IS MISSING.
T  INDICATES TRACE AMOUNT.

$$
