000
CXUS45 KSLC 011530
CLMSLC

SLCCLMSLC 000
TTAA00 KSLC 011522


CLIMATE REPORT
NATIONAL WEATHER SERVICE SALT LAKE CITY UT
822 AM MST SUN NOV 1 2020

...................................

...THE SALT LAKE CITY UT CLIMATE SUMMARY FOR THE MONTH OF OCTOBER 2020...

CLIMATE NORMAL PERIOD 1981 TO 2010
CLIMATE RECORD PERIOD 1874 TO 2020

WEATHER         OBSERVED          NORMAL  DEPART  LAST YEAR`S
                 VALUE   DATE(S)  VALUE   FROM    VALUE  DATE(S)
                                          NORMAL
................................................................
TEMPERATURE (F)
RECORD
 HIGH              89   10/03/1963
 LOW               14   10/30/2019
HIGHEST            85   10/10                         78  10/16
                        10/08
LOWEST             19   10/26                         14  10/30
AVG. MAXIMUM     69.1              64.7     4.4     58.0
AVG. MINIMUM     43.0              41.3     1.7     35.0
MEAN             56.0              53.0     3.0     46.5
DAYS MAX >= 90      0               0.0     0.0        0
DAYS MAX <= 32      0               0.0     0.0        0
DAYS MIN <= 32      5               2.5     2.5        8
DAYS MIN <= 0       0               0.0     0.0        0

PRECIPITATION (INCHES)
TOTALS           0.28              1.52   -1.24     0.49
DAYS >= .01         2               7.1    -5.1        3
DAYS >= .10         1               4.5    -3.5        2
DAYS >= .50         0               0.8    -0.8        0
DAYS >= 1.00        0               0.1    -0.1        0

SNOWFALL (INCHES)
TOTALS            1.0               1.4    -0.4        T
SINCE 7/1         1.0               1.4                T

DEGREE_DAYS
HEATING TOTAL     293               379     -86      568
 SINCE 7/1        347               468    -121      650
COOLING TOTAL      24                 7      17        0
 SINCE 1/1       1653              1160     493     1419
.................................................................

WIND (MPH)
AVERAGE WIND SPEED              6.9
HIGHEST WIND SPEED/DIRECTION    30/340    DATE  10/11
HIGHEST GUST SPEED/DIRECTION    36/340    DATE  10/11


WEATHER CONDITIONS. NUMBER OF DAYS WITH
THUNDERSTORM              0     RAIN                       0
HAIL                      0     SNOW                       1
FOG                       2     FOG W/VIS <= 1/4 MILE      0
HAZE                     15

-  INDICATES NEGATIVE NUMBERS.
R  INDICATES RECORD WAS SET OR TIED.
MM INDICATES DATA IS MISSING.
T  INDICATES TRACE AMOUNT.

$$
