000
CXUS56 KPQR 011713
CLMSLE

CLIMATE REPORT
NATIONAL WEATHER SERVICE
913 AM PST TUE DEC 01 2020

...................................

...THE SALEM OR CLIMATE SUMMARY FOR THE MONTH OF NOVEMBER 2020...

CLIMATE NORMAL PERIOD 1981 TO 2010
CLIMATE RECORD PERIOD 1892 TO 2020

WEATHER         OBSERVED          NORMAL  DEPART   LAST YEAR`S
                VALUE   DATE(S)   VALUE   FROM     VALUE DATE(S)
                                          NORMAL
................................................................
TEMPERATURE (F)
HIGHEST           68                                  63  11/11
LOWEST            24                                  20  11/30
                                                          11/29
AVG. MAXIMUM    52.0               52.6    -0.6     53.2
AVG. MINIMUM    37.0               38.4    -1.4     35.1
MEAN            44.5               45.5    -1.0     44.1
DAYS MAX >= 90     0                0.0     0.0        0
DAYS MAX <= 32     0                0.1    -0.1        0
DAYS MIN <= 32     8                5.9     2.1       12
DAYS MIN <= 0      0                0.0     0.0        0

PRECIPITATION (INCHES)
RECORD
 MAXIMUM       16.99   1896
 MINIMUM        0.48   1936
TOTALS          5.89               6.50   -0.61     0.80
DAYS >= .01       20               18.1     1.9        8
DAYS >= .10       12               13.1    -1.1        4
DAYS >= .50        4                4.3    -0.3        0
DAYS >= 1.00       1                1.5    -0.5        0
GREATEST
 24 HR. TOTAL   1.40   11/12 TO 11/13


DEGREE DAYS
HEATING TOTAL    607                585      22      618
 SINCE 7/1      1039               1116     -77     1220
COOLING TOTAL      0                  0       0        0
 SINCE 1/1       409                290     119      360
................................................................

WIND (MPH)
AVERAGE WIND SPEED              6.6
RESULTANT WIND SPEED/DIRECTION   5/180
HIGHEST WIND SPEED/DIRECTION    33/160    DATE  11/17
HIGHEST GUST SPEED/DIRECTION    44/190    DATE  11/17

SKY COVER
POSSIBLE SUNSHINE (PERCENT)   MM
AVERAGE SKY COVER           0.72
NUMBER OF DAYS FAIR            3
NUMBER OF DAYS PC             11
NUMBER OF DAYS CLOUDY         16

AVERAGE RH (PERCENT)     82

WEATHER CONDITIONS. NUMBER OF DAYS WITH
THUNDERSTORM              0     MIXED PRECIP               0
HEAVY RAIN                2     RAIN                      10
LIGHT RAIN               22     FREEZING RAIN              0
LT FREEZING RAIN          0     HAIL                       0
HEAVY SNOW                0     SNOW                       0
LIGHT SNOW                0     SLEET                      0
FOG                      27     FOG W/VIS <= 1/4 MILE      7
HAZE                      9

-  INDICATES NEGATIVE NUMBERS.
R  INDICATES RECORD WAS SET OR TIED.
MM INDICATES DATA IS MISSING.
T  INDICATES TRACE AMOUNT.

$$
