000
CXUS51 KBTV 011448
CLMSLK

CLIMATE REPORT
NATIONAL WEATHER SERVICE BURLINGTON VT
948 AM EST SUN NOV 01 2020

...................................

...THE SARANAC LAKE NY CLIMATE SUMMARY FOR THE MONTH OF OCTOBER 2020...

CLIMATE NORMAL PERIOD: 1981 TO 2010
CLIMATE RECORD PERIOD: 9999 TO 9999

WEATHER         OBSERVED          NORMAL  DEPART   LAST YEAR`S
                VALUE   DATE(S)   VALUE   FROM     VALUE DATE(S)
                                          NORMAL
................................................................
TEMPERATURE (F)
RECORD
 HIGH             86
 LOW               7
HIGHEST           73   10/15         MM      MM       75  10/01
LOWEST             7R  10/31         MM      MM       23  10/05
                                                          10/20
AVG. MAXIMUM    52.7               53.3    -0.6     56.7
AVG. MINIMUM    31.7               31.1     0.6     32.0
MEAN            42.2               42.2    -0.0     44.4
DAYS MAX >= 90     0                0.0     0.0        0
DAYS MAX <= 32     0                0.0     0.0        0
DAYS MIN <= 32    18               18.5    -0.5       20
DAYS MIN <= 0      0                0.0     0.0        0

PRECIPITATION (INCHES)
RECORD
 MAXIMUM        7.85   2019
 MINIMUM        0.20   1947
TOTALS          3.95               4.05   -0.10     7.85
DAILY AVG.      0.13               0.13   -0.00     0.25
DAYS >= .01       18                 MM      MM       19
DAYS >= .10       12                 MM      MM       10
DAYS >= .50        2                 MM      MM        5
DAYS >= 1.00       0                 MM      MM        4
GREATEST
 24 HR. TOTAL   0.66   10/10 TO 10/10               2.08  10/31 TO 10/31
 STORM TOTAL    0.66                                2.08
 (MM/DD(HH))            MM


DEGREE DAYS
HEATING TOTAL    700                707      -7      630
 SINCE 7/1      1187               1292    -105       MM
COOLING TOTAL      0                  0       0        0
 SINCE 1/1       176                114      62       MM
................................................................

WIND (MPH)
AVERAGE WIND SPEED              5.7
HIGHEST WIND SPEED/DIRECTION    32/210    DATE  10/15
HIGHEST GUST SPEED/DIRECTION    41/220    DATE  10/15

SKY COVER
POSSIBLE SUNSHINE (PERCENT)   MM
AVERAGE SKY COVER           0.66
NUMBER OF DAYS FAIR            9
NUMBER OF DAYS PC              6
NUMBER OF DAYS CLOUDY         16

AVERAGE RH (PERCENT)     79

WEATHER CONDITIONS. NUMBER OF DAYS WITH
THUNDERSTORM              2     MIXED PRECIP               0
HEAVY RAIN                5     RAIN                       9
LIGHT RAIN               17     FREEZING RAIN              0
LT FREEZING RAIN          0     HAIL                       0
HEAVY SNOW                0     SNOW                       0
LIGHT SNOW                3     SLEET                      0
FOG                      25     FOG W/VIS <= 1/4 MILE      6
HAZE                      2

-  INDICATES NEGATIVE NUMBERS.
R  INDICATES RECORD WAS SET OR TIED.
MM INDICATES DATA IS MISSING.
T  INDICATES TRACE AMOUNT.

$$
