676
CXUS56 KSGX 131808
CLMSNA


CLIMATE REPORT
NATIONAL WEATHER SERVICE SAN DIEGO, CA
1007 AM PST FRI NOV 13 2020

...................................

...THE JOHN WAYNE AIRPORT CA CLIMATE SUMMARY FOR THE MONTH OF OCTOBER 2020...

CLIMATE NORMAL PERIOD 1981 TO 2010
CLIMATE RECORD PERIOD 1999 TO 2020

WEATHER         OBSERVED          NORMAL  DEPART  LAST YEAR`S
                 VALUE   DATE(S)  VALUE   FROM    VALUE  DATE(S)
                                          NORMAL
................................................................
TEMPERATURE (F)
RECORD
 HIGH             106   10/24/2017
 LOW               46   10/29/2009
HIGHEST            97   10/01        75      22       99  10/24
LOWEST             53   10/27        58      -5       47  10/31
AVG. MAXIMUM     81.9              75.2     6.7     81.5
AVG. MINIMUM     63.5              58.7     4.8     60.1
MEAN             72.7              67.0     5.7     70.8
DAYS MAX >= 90      9               1.2     7.8        5
DAYS MAX <= 32      0               0.0     0.0        0
DAYS MIN <= 32      0               0.0     0.0        0

PRECIPITATION (INCHES)
RECORD
 MAXIMUM         6.21   2004
 MINIMUM         0.00   2019
TOTALS              T              0.75   -0.75     0.00
DAILY AVG.          T              0.02   -0.02     0.00
DAYS >= .01         0                MM      MM        0
DAYS >= .10         0                MM      MM        0
DAYS >= .50         0                MM      MM        0
DAYS >= 1.00        0                MM      MM        0
GREATEST
 24 HR. TOTAL       T   10/25 TO 10/25           10/31 TO 10/31
                                                          10/30 TO 10/30EATHER         OBSERVED          NORMAL  DEPART  LAST YEAR`S
                                                          10/29 TO 10/29EATHER         OBSERVED          NORMAL  DEPART  LAST YEAR`S
 STORM TOTAL       MM                                 MM
 (MM/DD(HH))            MM                    10/31(00) TO 10/31(00)
                                                 10/30(00) TO 10/30(00)9EATHER         OBSERVED          NORMAL  DEPART  LAST YEAR`S
                                                 10/29(00) TO 10/29(00)9EATHER         OBSERVED          NORMAL  DEPART  LAST YEAR`S

DEGREE_DAYS
HEATING TOTAL       0                26     -26        1
 SINCE 7/1          0                27     -27        1
COOLING TOTAL     246                86     160      190
 SINCE 1/1       1654               854     800     1185

FREEZE DATES
RECORD
 EARLIEST     MM
 LATEST       MM
EARLIEST                        MM
LATEST                          MM
.................................................................

WIND (MPH)
AVERAGE WIND SPEED              4.0
RESULTANT WIND SPEED/DIRECTION   2/196
HIGHEST WIND SPEED/DIRECTION    33/050    DATE  10/26
HIGHEST GUST SPEED/DIRECTION    48/050    DATE  10/26

SKY COVER
POSSIBLE SUNSHINE (PERCENT)   MM
AVERAGE SKY COVER           0.40
NUMBER OF DAYS FAIR           16
NUMBER OF DAYS PC              9
NUMBER OF DAYS CLOUDY          6

AVERAGE RH (PERCENT)     60

WEATHER CONDITIONS. NUMBER OF DAYS WITH
  0
  0
  0
  0
  0
  0
  6
HAZE                     18

-  INDICATES NEGATIVE NUMBERS.
R  INDICATES RECORD WAS SET OR TIED.
MM INDICATES DATA IS MISSING.
T  INDICATES TRACE AMOUNT.

$$
