000
CXAK58 PASN 011300
CLMSNP


CLIMATE REPORT
NATIONAL WEATHER SERVICE ANCHORAGE, AK
350 AM AKST SUN NOV 1 2020

...................................

...THE SAINT PAUL ISLAND CLIMATE SUMMARY FOR THE MONTH OF OCTOBER 2020...

CLIMATE NORMAL PERIOD 1981 TO 2010
CLIMATE RECORD PERIOD 1892 TO 2020

WEATHER         OBSERVED          NORMAL  DEPART  LAST YEAR`S
                 VALUE   DATE(S)  VALUE   FROM    VALUE  DATE(S)
                                          NORMAL
................................................................
TEMPERATURE (F)
RECORD
 HIGH              53   10/02/2019
 LOW               12   10/30/1983
HIGHEST            50                MM      MM       53
LOWEST             27                MM      MM       30
AVG. MAXIMUM     46.5              42.8     3.7     47.6
AVG. MINIMUM     36.2              34.4     1.8     40.1
MEAN             41.4              38.6     2.8     43.9
DAYS MAX >= 90      0               0.0     0.0        0
DAYS MAX <= 32      0               0.2    -0.2        0
DAYS MIN <= 32      3               9.3    -6.3        2
DAYS MIN <= 0       0               0.0     0.0        0

PRECIPITATION (INCHES)
RECORD
 MAXIMUM           MM   MM
 MINIMUM           MM   MM
TOTALS           1.97              3.11   -1.14     3.13
DAILY AVG.       0.07              0.10   -0.03     0.14
DAYS >= .01        22              22.0     0.0       17
DAYS >= .10         6               9.2    -3.2        7
DAYS >= .50         1               1.1    -0.1        2
DAYS >= 1.00        0               0.2    -0.2        1
GREATEST
 24 HR. TOTAL    0.80   10/06 TO 10/06           10/25 TO 10/25
                                                          10/25 TO 10/25EATHER         OBSERVED          NORMAL  DEPART  LAST YEAR`S
                                                          10/25 TO 10/25EATHER         OBSERVED          NORMAL  DEPART  LAST YEAR`S
 STORM TOTAL       MM                                 MM
 (MM/DD(HH))            MM                    10/25(00) TO 10/25(00)
                                                 10/25(00) TO 10/25(00)5EATHER         OBSERVED          NORMAL  DEPART  LAST YEAR`S
                                                 10/25(00) TO 10/25(00)5EATHER         OBSERVED          NORMAL  DEPART  LAST YEAR`S

DEGREE_DAYS
HEATING TOTAL     607               818    -211      356
 SINCE 7/1       1534              2461    -927     1460
COOLING TOTAL       0                 0       0        0
 SINCE 1/1          0                 0       0        0

FREEZE DATES
RECORD
 EARLIEST     MM
 LATEST       MM
EARLIEST      10/15             MM
LATEST                          MM
.................................................................

WIND (MPH)
AVERAGE WIND SPEED              14.1
RESULTANT WIND SPEED/DIRECTION   0/277
HIGHEST WIND SPEED/DIRECTION    40/060    DATE  10/29
HIGHEST GUST SPEED/DIRECTION    54/060    DATE  10/29

SKY COVER
POSSIBLE SUNSHINE (PERCENT)   MM
AVERAGE SKY COVER           0.80
NUMBER OF DAYS FAIR            3
NUMBER OF DAYS PC              5
NUMBER OF DAYS CLOUDY         19

AVERAGE RH (PERCENT)     82

WEATHER CONDITIONS. NUMBER OF DAYS WITH
  0
  6
  0
  0
  0
  0
  0
HAZE                      1

-  INDICATES NEGATIVE NUMBERS.
R  INDICATES RECORD WAS SET OR TIED.
MM INDICATES DATA IS MISSING.
T  INDICATES TRACE AMOUNT.

$$
