000
CXUS56 KMTR 010941
CLMSNS

CLIMATE REPORT
NATIONAL WEATHER SERVICE SAN FRANCISCO BAY AREA
141 AM PST SUN NOV 01 2020

...................................

...THE SALINAS AIRPORT CLIMATE SUMMARY FOR THE MONTH OF OCTOBER 2020...

CLIMATE NORMAL PERIOD: 1981 TO 2010
CLIMATE RECORD PERIOD: 1930 TO 2020

WEATHER         OBSERVED          NORMAL  DEPART   LAST YEAR`S
                VALUE   DATE(S)   VALUE   FROM     VALUE DATE(S)
                                          NORMAL
................................................................
TEMPERATURE (F)
RECORD
 HIGH            105   10/05/1987
                       10/01/1980
 LOW              28   10/31/1935
HIGHEST           99   10/16                          95  10/25
                                                          10/24
LOWEST            42   10/26                          38  10/29
                       10/30
AVG. MAXIMUM    80.3               72.7     7.6     76.6
AVG. MINIMUM    51.9               49.7     2.2     46.3
MEAN            66.1               61.2     4.9     61.5
DAYS MAX >= 90     5                                   2
DAYS MAX <= 32     0                                   0
DAYS MIN <= 32     0                                   0
DAYS MIN <= 0      0                                   0

PRECIPITATION (INCHES)
RECORD
 MAXIMUM          MM   MM
 MINIMUM          MM   MM
TOTALS             T               0.58   -0.58     0.00
DAILY AVG.         T                                0.00
DAYS >= .01        0                                   0
DAYS >= .10        0                                   0
DAYS >= .50        0                                   0
DAYS >= 1.00       0                                   0
GREATEST
 24 HR. TOTAL   0.01   10/09 TO 10/09               0.00  09/30 TO 10/01
                                                          10/01 TO 10/01
                                                          10/01 TO 10/02


DEGREE DAYS
HEATING TOTAL     47                139     -92      139
 SINCE 7/1       104                332    -228      239
COOLING TOTAL     87                 22      65       36
 SINCE 1/1       344                127     217      272
................................................................

WIND (MPH)
AVERAGE WIND SPEED              6.1
RESULTANT WIND SPEED/DIRECTION   2/320
HIGHEST WIND SPEED/DIRECTION    20/300    DATE  10/10
                                20/330          10/19
                                20/140          10/28
HIGHEST GUST SPEED/DIRECTION    32/320    DATE  10/16

SKY COVER
POSSIBLE SUNSHINE (PERCENT)   MM
AVERAGE SKY COVER           0.32
NUMBER OF DAYS FAIR           15
NUMBER OF DAYS PC             13
NUMBER OF DAYS CLOUDY          3

AVERAGE RH (PERCENT)     62

WEATHER CONDITIONS. NUMBER OF DAYS WITH
THUNDERSTORM              0     MIXED PRECIP               0
HEAVY RAIN                0     RAIN                       0
LIGHT RAIN                2     FREEZING RAIN              0
LT FREEZING RAIN          0     HAIL                       0
HEAVY SNOW                0     SNOW                       0
LIGHT SNOW                0     SLEET                      0
FOG                      17     FOG W/VIS <= 1/4 MILE     11
HAZE                      7

-  INDICATES NEGATIVE NUMBERS.
R  INDICATES RECORD WAS SET OR TIED.
MM INDICATES DATA IS MISSING.
T  INDICATES TRACE AMOUNT.

$$
