000
CXUS56 KPQR 011713
CLMSPB

CLIMATE REPORT
NATIONAL WEATHER SERVICE
913 AM PST TUE DEC 01 2020

...................................

...THE SCAPPOOSE OR CLIMATE SUMMARY FOR THE MONTH OF NOVEMBER 2020...

CLIMATE NORMAL PERIOD 1981 TO 2010
CLIMATE RECORD PERIOD 9999 TO 9999

WEATHER         OBSERVED          NORMAL  DEPART   LAST YEAR`S
                VALUE   DATE(S)   VALUE   FROM     VALUE DATE(S)
                                          NORMAL
................................................................
TEMPERATURE (F)
HIGHEST           70                                  64  11/11
                                                          11/01
LOWEST            26                                  20  11/30
AVG. MAXIMUM    51.7               52.0    -0.3     53.8
AVG. MINIMUM    36.4               36.4    -0.0     34.1
MEAN            44.0               44.2    -0.2     43.9
DAYS MAX >= 90     0                0.0     0.0        0
DAYS MAX <= 32     0                0.2    -0.2        0
DAYS MIN <= 32     9                8.4     0.6       10
DAYS MIN <= 0      0                0.0     0.0        0

PRECIPITATION (INCHES)
RECORD
 MAXIMUM        6.05   2020
 MINIMUM        6.05   2020
TOTALS          6.05R              6.55   -0.50     0.54
DAYS >= .01       21                 MM      MM        8
DAYS >= .10       14                 MM      MM        1
DAYS >= .50        3                 MM      MM        0
DAYS >= 1.00       1                 MM      MM        0
GREATEST
 24 HR. TOTAL   2.04   11/12 TO 11/13


DEGREE DAYS
HEATING TOTAL    622                624      -2      584
 SINCE 7/1      1060               1230    -170     1244
COOLING TOTAL      0                  0       0        0
 SINCE 1/1       395                251     144      324
................................................................

WIND (MPH)
AVERAGE WIND SPEED              3.1
RESULTANT WIND SPEED/DIRECTION   1/180
HIGHEST WIND SPEED/DIRECTION    23/220    DATE  11/13
HIGHEST GUST SPEED/DIRECTION    33/220    DATE  11/13

SKY COVER
POSSIBLE SUNSHINE (PERCENT)   MM
AVERAGE SKY COVER           0.72

AVERAGE RH (PERCENT)     85

WEATHER CONDITIONS. NUMBER OF DAYS WITH
THUNDERSTORM              0     MIXED PRECIP               0
HEAVY RAIN                5     RAIN                       9
LIGHT RAIN               21     FREEZING RAIN              0
LT FREEZING RAIN          0     HAIL                       0
HEAVY SNOW                0     SNOW                       0
LIGHT SNOW                0     SLEET                      0
FOG                      28     FOG W/VIS <= 1/4 MILE     11
HAZE                      1

-  INDICATES NEGATIVE NUMBERS.
R  INDICATES RECORD WAS SET OR TIED.
MM INDICATES DATA IS MISSING.
T  INDICATES TRACE AMOUNT.

$$
