000
CXUS54 KOUN 011224
CLMSPS

CLIMATE REPORT
NATIONAL WEATHER SERVICE NORMAN OK
724 AM CDT TUE JUN 01 2021

...................................

...THE WICHITA FALLS CLIMATE SUMMARY FOR THE MONTH OF MAY 2021...

CLIMATE NORMAL PERIOD 1991 TO 2020
CLIMATE RECORD PERIOD 1897 TO 2021

WEATHER         OBSERVED          NORMAL  DEPART   LAST YEAR`S
                VALUE   DATE(S)   VALUE   FROM     VALUE
                                          NORMAL
..............................................................
TEMPERATURE (F)
RECORD
 HIGH            110   05/28/2011
                       05/24/2000
                       05/23/2000
 LOW              35   05/01/2014
HIGHEST           90                 98      -8      103
LOWEST            47                 46       1       42
AVG. MAXIMUM    78.2               83.9    -5.7     85.5
AVG. MINIMUM    58.8               59.7    -0.9     59.4
MEAN            68.5               71.8    -3.3     72.4
DAYS MAX >= 90     1                8.7    -7.7        9
DAYS MAX <= 32     0                0.0     0.0        0
DAYS MIN <= 32     0                0.0     0.0        0
DAYS MIN <= 0      0                0.0     0.0        0

PRECIPITATION (INCHES)
RECORD
 MAXIMUM       17.00   2015
 MINIMUM        0.01   1966
TOTALS          4.73               3.81    0.92     4.87
DAILY AVG.      0.15               0.12    0.03     0.16
DAYS >= .01       15                9.1     5.9       10
DAYS >= .10       10                5.3     4.7        5
DAYS >= .50        4                2.4     1.6        4
DAYS >= 1.00       0                1.4    -1.4        2
GREATEST
 24 HR. TOTAL   1.04   05/17 TO 05/18

SNOWFALL (INCHES)
TOTALS           0.0                0.0     0.0
SINCE 7/1       13.8                3.1    10.7

DEGREE DAYS
HEATING TOTAL     34                 25       9
 SINCE 7/1      3010               2895     115
COOLING TOTAL    151                236     -85
 SINCE 1/1       211                332    -121
..............................................................

WIND (MPH)
AVERAGE WIND SPEED              11.0
HIGHEST WIND SPEED/DIRECTION    49/330    DATE  05/27
HIGHEST GUST SPEED/DIRECTION    71/330    DATE  05/03


WEATHER CONDITIONS. NUMBER OF DAYS WITH
THUNDERSTORM             10     MIXED PRECIP               0
HEAVY RAIN                6     RAIN                       6
LIGHT RAIN               15     FREEZING RAIN              0
LT FREEZING RAIN          0     HAIL                       1
HEAVY SNOW                0     SNOW                       0
LIGHT SNOW                0     SLEET                      0
FOG                      17     FOG W/VIS <= 1/4 MILE      0
HAZE                      0

-  INDICATES NEGATIVE NUMBERS.
R  INDICATES RECORD WAS SET OR TIED.
MM INDICATES DATA IS MISSING.
T  INDICATES TRACE AMOUNT.
.............................................................
RECORDS/REMARKS
TENTH COLDEST MAY ON RECORD.
JAN - MAY TOTAL PRECIPITATION IS 12.03 INCHES.

$$
