000
CXUS54 KOUN 011509
CLMSPS

CLIMATE REPORT
NATIONAL WEATHER SERVICE NORMAN OK
809 AM CST SUN NOV 01 2020

...................................

...THE WICHITA FALLS CLIMATE SUMMARY FOR THE MONTH OF OCTOBER 2020...

CLIMATE NORMAL PERIOD 1981 TO 2010
CLIMATE RECORD PERIOD 1897 TO 2020

WEATHER         OBSERVED          NORMAL  DEPART   LAST YEAR`S
                VALUE   DATE(S)   VALUE   FROM     VALUE
                                          NORMAL
..............................................................
TEMPERATURE (F)
RECORD
 HIGH            102   10/03/2000
                       10/02/2000
                       10/07/1979
 LOW              21   10/31/1993
HIGHEST          100                 93       7       95
LOWEST            30                 37      -7       24
AVG. MAXIMUM    75.4               77.0    -1.6     75.2
AVG. MINIMUM    47.5               52.0    -4.5     47.2
MEAN            61.5               64.5    -3.0     61.2
DAYS MAX >= 90     3                2.2     0.8        5
DAYS MAX <= 32     0                0.0     0.0        0
DAYS MIN <= 32     2                0.3     1.7        3
DAYS MIN <= 0      0                0.0     0.0        0

PRECIPITATION (INCHES)
RECORD
 MAXIMUM       11.77   1941
 MINIMUM        0.00   1917
TOTALS          3.25               3.11    0.14     1.01
DAILY AVG.      0.10               0.10   -0.00     0.03
DAYS >= .01        6                7.4    -1.4        7
DAYS >= .10        5                4.3     0.7        2
DAYS >= .50        3                2.2     0.8        1
DAYS >= 1.00       0                1.1    -1.1        0
GREATEST
 24 HR. TOTAL   1.26   10/27 TO 10/28

SNOWFALL (INCHES)
TOTALS             T                  T     0.0
SINCE 7/1          T                  T     0.0

DEGREE DAYS
HEATING TOTAL    202                113      89
 SINCE 7/1       221                125      96
COOLING TOTAL    100                 97       3
 SINCE 1/1      2326               2376     -50
..............................................................

WIND (MPH)
AVERAGE WIND SPEED              11.3
HIGHEST WIND SPEED/DIRECTION    43/040    DATE  10/15
HIGHEST GUST SPEED/DIRECTION    53/040    DATE  10/15


WEATHER CONDITIONS. NUMBER OF DAYS WITH
THUNDERSTORM              4     MIXED PRECIP               0
HEAVY RAIN                3     RAIN                       2
LIGHT RAIN                6     FREEZING RAIN              1
LT FREEZING RAIN          2     HAIL                       0
HEAVY SNOW                0     SNOW                       0
LIGHT SNOW                0     SLEET                      1
FOG                      13     FOG W/VIS <= 1/4 MILE      2
HAZE                      4

-  INDICATES NEGATIVE NUMBERS.
R  INDICATES RECORD WAS SET OR TIED.
MM INDICATES DATA IS MISSING.
T  INDICATES TRACE AMOUNT.
..............................................................
RECORDS/REMARKS
NEW RECORD HIGH TEMPERATURE OF 100 DEGREES SET OCT 11TH.
NEW RECORD COLD MAX TEMPERATURE OF 42 DEGREES SET OCT 26TH.
NEW RECORD EARLIEST SNOWFALL WITH A TRACE SET OCT 27TH.
NEW RECORD COLD MAX TEMPERATURE OF 33 DEGREES SET OCT 27TH.
NEW RECORD COLD MAX TEMPERATURE OF 43 DEGREES SET OCT 28TH.
TENTH COLDEST OCTOBER ON RECORD.
SECOND GREATEST OCTOBER SNOWFALL ON RECORD.
JAN - OCT 2020 TOTAL PRECIPITATION IS 34.03 INCHES.

$$
