000
CXUS53 KMPX 010633
CLMSTC

CLIMATE REPORT
NATIONAL WEATHER SERVICE TWIN CITIES/CHANHASSEN MN
133 AM CDT SUN NOV 01 2020

...................................

...THE ST CLOUD MN CLIMATE SUMMARY FOR THE MONTH OF OCTOBER 2020...

CLIMATE NORMAL PERIOD 1981 TO 2010
CLIMATE RECORD PERIOD 1893 TO 2020

WEATHER         OBSERVED          NORMAL  DEPART   LAST YEAR`S
                VALUE   DATE(S)   VALUE   FROM     VALUE DATE(S)
                                          NORMAL
................................................................
TEMPERATURE (F)
RECORD
 HIGH             90   10/02/1992
                       10/02/1953
 LOW               2   10/25/1896
HIGHEST           81   10/09         69      12       73  10/09
LOWEST            11   10/27         27     -16       16  10/30
AVG. MAXIMUM    49.3               56.6    -7.3     50.7
AVG. MINIMUM    30.7               34.9    -4.2     35.1
MEAN            40.0               45.7    -5.7     42.9
DAYS MAX >= 90     0                0.0     0.0        0
DAYS MAX <= 32     6                0.3     5.7        1
DAYS MIN <= 32    21               12.4     8.6       13
DAYS MIN <= 0      0                0.0     0.0        0

PRECIPITATION (INCHES)
RECORD
 MAXIMUM        7.95   1899
 MINIMUM        0.00   1895
TOTALS          2.17               2.49   -0.32     3.84
DAILY AVG.      0.07               0.08   -0.01     0.12
DAYS >= .01       10                9.3     0.7       12
DAYS >= .10        3                5.2    -2.2        7
DAYS >= .50        2                1.4     0.6        2
DAYS >= 1.00       1                0.6     0.4        2
GREATEST
 24 HR. TOTAL   1.20   10/11 TO 10/12

SNOWFALL (INCHES)
RECORDS
 TOTAL           6.4   5
TOTALS           7.8R               0.8     7.0      0.5
SINCE 7/1        7.8                0.8     7.0       MM
SNOWDEPTH AVG.     1                                   0
DAYS >= 1.0        1                0.2     0.8        0
GREATEST
 SNOW DEPTH        5   10/21                          -1  10/12
 24 HR TOTAL      MM

DEGREE DAYS
HEATING TOTAL    770                599     171      676
 SINCE 7/1      1027                885     142      851
COOLING TOTAL      2                  2       0        0
 SINCE 1/1       579                465     114      452
................................................................

WIND (MPH)
AVERAGE WIND SPEED              8.5
HIGHEST WIND SPEED/DIRECTION    36/310    DATE  10/31
HIGHEST GUST SPEED/DIRECTION    54/250    DATE  10/14

SKY COVER
POSSIBLE SUNSHINE (PERCENT)   MM
AVERAGE SKY COVER           0.48
NUMBER OF DAYS FAIR           12
NUMBER OF DAYS PC             11
NUMBER OF DAYS CLOUDY          8

AVERAGE RH (PERCENT)     69

WEATHER CONDITIONS. NUMBER OF DAYS WITH
THUNDERSTORM              2     MIXED PRECIP               0
HEAVY RAIN                1     RAIN                       1
LIGHT RAIN                6     FREEZING RAIN              0
LT FREEZING RAIN          0     HAIL                       0
HEAVY SNOW                1     SNOW                       3
LIGHT SNOW                7     SLEET                      0
FOG                      13     FOG W/VIS <= 1/4 MILE      2
HAZE                      4

-  INDICATES NEGATIVE NUMBERS.
R  INDICATES RECORD WAS SET OR TIED.
MM INDICATES DATA IS MISSING.
T  INDICATES TRACE AMOUNT.

$$
