000
CXUS53 KEAX 010722
CLMSTJ

CLIMATE REPORT
NATIONAL WEATHER SERVICE
112 AM CST TUE DEC 01 2020

...................................

...THE ST. JOSEPH MO CLIMATE SUMMARY FOR THE MONTH OF NOVEMBER 2020...

CLIMATE NORMAL PERIOD: 1981 TO 2010
CLIMATE RECORD PERIOD: 1892 TO 2020

WEATHER         OBSERVED          NORMAL  DEPART   LAST YEAR`S
                VALUE   DATE(S)   VALUE   FROM     VALUE DATE(S)
                                          NORMAL
................................................................
TEMPERATURE (F)
RECORD
 HIGH             82   11/13/1999
                       11/01/1990
                       11/08/1980
 LOW              -5   11/08/1991
HIGHEST           78   11/03         74       4       66  11/06
                                                          11/09
                                                          11/20
LOWEST            13   11/30         14      -1        5  11/12
AVG. MAXIMUM    59.4               52.9     6.5     50.8
AVG. MINIMUM    32.1               31.0     1.1     27.4
MEAN            45.7               41.9     3.8     39.1
DAYS MAX >= 90     0                0.0     0.0        0
DAYS MAX <= 32     0                1.7    -1.7        1
DAYS MIN <= 32    17               16.2     0.8       21
DAYS MIN <= 0      0                0.1    -0.1        0

PRECIPITATION (INCHES)
RECORD
 MAXIMUM        8.35   1931
 MINIMUM        0.00   1904
TOTALS          1.69               1.55    0.14     0.35
DAILY AVG.      0.06               0.05    0.01     0.01
DAYS >= .01        5                5.8    -0.8        5
DAYS >= .10        3                3.3    -0.3        1
DAYS >= .50        1                1.1    -0.1        0
DAYS >= 1.00       0                0.4    -0.4        0
GREATEST
 24 HR. TOTAL   1.34   11/24 TO 11/25


DEGREE DAYS
HEATING TOTAL    570                692    -122      769
 SINCE 7/1      1079               1112     -33       MM
COOLING TOTAL      0                  1      -1        0
 SINCE 1/1      1307               1221      86       MM
................................................................

WIND (MPH)
AVERAGE WIND SPEED              9.2
HIGHEST WIND SPEED/DIRECTION    38/300    DATE  11/15
HIGHEST GUST SPEED/DIRECTION    50/310    DATE  11/15

SKY COVER
POSSIBLE SUNSHINE (PERCENT)   MM
AVERAGE SKY COVER           0.24
NUMBER OF DAYS FAIR           22
NUMBER OF DAYS PC              3
NUMBER OF DAYS CLOUDY          5

AVERAGE RH (PERCENT)     67

WEATHER CONDITIONS. NUMBER OF DAYS WITH
THUNDERSTORM              1     MIXED PRECIP               0
HEAVY RAIN                2     RAIN                       4
LIGHT RAIN                7     FREEZING RAIN              0
LT FREEZING RAIN          0     HAIL                       0
HEAVY SNOW                0     SNOW                       0
LIGHT SNOW                0     SLEET                      0
FOG                      16     FOG W/VIS <= 1/4 MILE      6
HAZE                     13

-  INDICATES NEGATIVE NUMBERS.
R  INDICATES RECORD WAS SET OR TIED.
MM INDICATES DATA IS MISSING.
T  INDICATES TRACE AMOUNT.

$$
