000
CXUS51 KBGM 012055 RRA
CLMSYR

CLIMATE REPORT...CORRECTED
NATIONAL WEATHER SERVICE BINGHAMTON NY
1156 AM EST TUE DEC 1 2020

...................................

...THE SYRACUSE NY CLIMATE SUMMARY FOR THE MONTH OF NOVEMBER 2020...

CLIMATE NORMAL PERIOD 1981 TO 2010
CLIMATE RECORD PERIOD 1902 TO 2020

WEATHER         OBSERVED          NORMAL  DEPART  LAST YEAR`S
                 VALUE   DATE(S)  VALUE   FROM    VALUE  DATE(S)
                                          NORMAL
................................................................
TEMPERATURE (F)
RECORD
 HIGH              81   11/01/1950
 LOW                    11/23/2018
HIGHEST            78   11/10        48      30       60  11/26
LOWEST             22   11/18        33     -11       13  11/13
AVG. MAXIMUM     55.7              48.4     7.3     43.2
AVG. MINIMUM     35.4              32.8     2.6     28.8
MEAN             45.6              40.6     5.0     36.0
DAYS MAX >= 90      0               0.0     0.0        0
DAYS MAX <= 32      1               1.6    -0.6        6
DAYS MIN <= 32     14              14.4    -0.4       20
DAYS MIN <= 0       0               0.0     0.0        0

PRECIPITATION (INCHES)
RECORD
 MAXIMUM         6.79   1972
 MINIMUM         0.89   2015
TOTALS           2.43              3.53   -1.10     1.23
DAILY AVG.       0.08              0.12   -0.04     0.04
DAYS >= .01        16              16.7    -0.7       10
DAYS >= .10        10               8.7     1.3        6
DAYS >= .50         0               1.8    -1.8        0
DAYS >= 1.00        0               0.4    -0.4        0
GREATEST
 24 HR. TOTAL    0.53   11/25 TO 11/26

SNOWFALL (INCHES)
RECORDS
 TOTAL           34.2   1995
 24 HR TOTAL     18.9   11/20/2016 TO 11/21/2016
 SNOW DEPTH        22   11/22/2016
                        11/21/2016
                        11/20/2016
TOTALS            1.6               9.5    -7.9      6.6
SINCE 7/1         1.6               9.9    -8.3      6.6
SNOWDEPTH AVG.      0                MM      MM        1
DAYS >= TRACE       9               5.8     3.2       12
DAYS >= 1.0         0               2.7    -2.7        2
GREATEST
 SNOW DEPTH         T   11/24                          4  11/13
 24 HR TOTAL      0.9   11/17 TO 11/18

DEGREE_DAYS
HEATING TOTAL     577               732    -155      860
 SINCE 7/1       1105              1349    -244     1295
COOLING TOTAL       0                 0       0        0
 SINCE 1/1        991               569     422      622
.................................................................

WIND (MPH)
AVERAGE WIND SPEED              9.0
RESULTANT WIND SPEED/DIRECTION   3/229
HIGHEST WIND SPEED/DIRECTION    47/260    DATE  11/15
HIGHEST GUST SPEED/DIRECTION    57/260    DATE  11/15

SKY COVER
POSSIBLE SUNSHINE (PERCENT)   MM
AVERAGE SKY COVER           0.70
NUMBER OF DAYS FAIR            5
NUMBER OF DAYS PC              9
NUMBER OF DAYS CLOUDY         16

AVERAGE RH (PERCENT)     66

WEATHER CONDITIONS. NUMBER OF DAYS WITH
THUNDERSTORM              0     MIXED PRECIP                0
HEAVY RAIN                1     RAIN                        8
LIGHT RAIN               18     FREEZING RAIN               0
LT FREEZING RAIN          0     HAIL                        2
HEAVY SNOW                0     SNOW                        1
LIGHT SNOW                6     SLEET                       4
FOG                       8     FOG W/VIS <= 1/4 MILE       0
HAZE                      2

-  INDICATES NEGATIVE NUMBERS.
R  INDICATES RECORD WAS SET OR TIED.
MM INDICATES DATA IS MISSING.
T  INDICATES TRACE AMOUNT.

&&
7TH WARMEST NOVEMBER
CORRECTED GREATEST 24 HOUR PRECIPITATION, 24 HOUR SNOWFALL,
AND SNOW DEPTH

$$

TAC
