044
CXUS54 KBMX 031804
CLMTCL

CLIMATE REPORT
NATIONAL WEATHER SERVICE BIRMINGHAM AL
1204 PM CST TUE NOV 03 2020

...................................

...THE TUSCALOOSA CLIMATE SUMMARY FOR THE MONTH OF OCTOBER 2020...

CLIMATE NORMAL PERIOD 1981 TO 2010
CLIMATE RECORD PERIOD 1948 TO 2020

WEATHER         OBSERVED          NORMAL  DEPART   LAST YEAR`S
                VALUE   DATE(S)   VALUE   FROM     VALUE DATE(S)
                                          NORMAL
................................................................
TEMPERATURE (F)
RECORD
 HIGH            101   10/02/2019
 LOW              23   10/30/1952
HIGHEST           89   10/07         MM      MM      101  10/03
                                                          10/02
LOWEST            39   10/17         MM      MM       36  10/31
AVG. MAXIMUM    79.9               77.1     2.8     78.3
AVG. MINIMUM    56.2               51.9     4.3     57.4
MEAN            68.0                                67.8
DAYS MAX >= 90     0                0.6    -0.6        7
DAYS MAX <= 32     0                0.0     0.0        0
DAYS MIN <= 32     0                0.5    -0.5        0
DAYS MIN <= 0      0                0.0     0.0        0

PRECIPITATION (INCHES)
RECORD
 MAXIMUM       13.28   2019
 MINIMUM        0.00   1963
TOTALS          4.33               3.51    0.82    13.28
DAILY AVG.      0.14               0.11    0.03
DAYS >= .01        7                8.4    -1.4
DAYS >= .10        6                5.0     1.0
DAYS >= .50        3                2.2     0.8
DAYS >= 1.00       1                0.9     0.1


DEGREE DAYS
HEATING TOTAL     45                110     -65       88
 SINCE 7/1        46                116     -70       88
COOLING TOTAL    145                 94      51      183
 SINCE 1/1      2324               2151     173     2808
................................................................

WIND (MPH)
AVERAGE WIND SPEED              4.6
HIGHEST WIND SPEED/DIRECTION    28/030    DATE  10/28
                                28/360          10/29
HIGHEST GUST SPEED/DIRECTION    36/290    DATE  10/29

AVERAGE RH (PERCENT)     73

WEATHER CONDITIONS. NUMBER OF DAYS WITH
THUNDERSTORM              1     MIXED PRECIP               0
HEAVY RAIN                6     RAIN                       5
LIGHT RAIN                8     FREEZING RAIN              0
LT FREEZING RAIN          0     HAIL                       0
HEAVY SNOW                0     SNOW                       0
LIGHT SNOW                0     SLEET                      0
FOG                      16     FOG W/VIS <= 1/4 MILE      0
HAZE                      5

-  INDICATES NEGATIVE NUMBERS.
R  INDICATES RECORD WAS SET OR TIED.
MM INDICATES DATA IS MISSING.
T  INDICATES TRACE AMOUNT.

$$
