000
CXUS52 KTAE 011415
CLMTLH

CLIMATE REPORT
NATIONAL WEATHER SERVICE TALLAHASSEE FL
915 AM EST SUN NOV 01 2020

...................................

...THE TALLAHASSEE CLIMATE SUMMARY FOR THE MONTH OF OCTOBER 2020...

CLIMATE NORMAL PERIOD 1981 TO 2010
CLIMATE RECORD PERIOD 1896 TO 2020

WEATHER         OBSERVED          NORMAL  DEPART   LAST YEAR`S
                VALUE   DATE(S)   VALUE   FROM     VALUE DATE(S)
                                          NORMAL
................................................................
TEMPERATURE (F)
RECORD
 HIGH             97   10/04/2019
                       10/03/2019
                       01/17/2028
 LOW              29   10/29/2008
HIGHEST           90   10/13         MM      MM       97  10/04
                                                          10/03
LOWEST            50   10/30         MM      MM       50  10/31
AVG. MAXIMUM    83.9               81.4     2.5     85.9
AVG. MINIMUM    65.0               57.3     7.7     64.8
MEAN            74.5               69.4     5.1     75.4
DAYS MAX >= 90     1                1.7    -0.7       11
DAYS MAX <= 32     0                0.0     0.0        0
DAYS MIN <= 32     0                0.1    -0.1        0
DAYS MIN <= 0      0                0.0     0.0        0

PRECIPITATION (INCHES)
RECORD
 MAXIMUM       12.27   1959
 MINIMUM        0.00   1904
TOTALS          2.01               3.23   -1.22     4.35

SNOWFALL (INCHES)
RECORDS
 TOTAL           0.0   2002
TOTALS           0.0                0.0     0.0      0.0
SINCE 7/1        0.0                0.0     0.0       MM

DEGREE DAYS
HEATING TOTAL      5                 46     -41        3
 SINCE 7/1         5                 46     -41        3
COOLING TOTAL    309                181     128      332
 SINCE 1/1      3072               2533     539     3223
................................................................

WIND (MPH)
AVERAGE WIND SPEED              6.4
RESULTANT WIND SPEED/DIRECTION   3/070
HIGHEST WIND SPEED/DIRECTION    35/100    DATE  10/21
HIGHEST GUST SPEED/DIRECTION    42/090    DATE  10/21

SKY COVER
POSSIBLE SUNSHINE (PERCENT)   MM
AVERAGE SKY COVER           0.46
NUMBER OF DAYS FAIR            8
NUMBER OF DAYS PC             21
NUMBER OF DAYS CLOUDY          2

AVERAGE RH (PERCENT)     73

WEATHER CONDITIONS. NUMBER OF DAYS WITH
THUNDERSTORM              3     MIXED PRECIP               0
HEAVY RAIN                2     RAIN                       5
LIGHT RAIN                6     FREEZING RAIN              0
LT FREEZING RAIN          0     HAIL                       0
HEAVY SNOW                0     SNOW                       0
LIGHT SNOW                0     SLEET                      0
FOG                      13     FOG W/VIS <= 1/4 MILE      2
HAZE                      0

-  INDICATES NEGATIVE NUMBERS.
R  INDICATES RECORD WAS SET OR TIED.
MM INDICATES DATA IS MISSING.
T  INDICATES TRACE AMOUNT.

$$
