000
CXUS51 KCLE 042002
CLMTOL

CLIMATE REPORT
NATIONAL WEATHER SERVICE CLEVELAND, OH
302 PM EST WED NOV 04 2020

...................................

...THE TOLEDO OH CLIMATE SUMMARY FOR THE MONTH OF OCTOBER 2020...

CLIMATE NORMAL PERIOD 1981 TO 2010
CLIMATE RECORD PERIOD 1873 TO 2020

WEATHER         OBSERVED          NORMAL  DEPART   LAST YEAR`S
                VALUE   DATE(S)   VALUE   FROM     VALUE
                                          NORMAL
..............................................................
TEMPERATURE (F)
RECORD
 HIGH             92   10/04/1951
 LOW               0   10/10/2008
HIGHEST           82   10/09
LOWEST            27   10/31
AVG. MAXIMUM    62.4               62.8    -0.4     66.3
AVG. MINIMUM    42.9               41.8     1.1     45.2
MEAN            52.6               52.3     0.3     55.8
DAYS MAX >= 90     0                0.0     0.0        1
DAYS MAX <= 32     0                0.0     0.0        0
DAYS MIN <= 32     2                3.9    -1.9        0
DAYS MIN <= 0      0                0.0     0.0        0

PRECIPITATION (INCHES)
RECORD
 MAXIMUM        8.49   1881
 MINIMUM        0.27   2005
TOTALS          2.85               2.60    0.25     4.27
DAYS >= .01       13               10.0     3.0       12
DAYS >= .10        8                5.3     2.7        8
DAYS >= .50        1                1.5    -0.5        3
DAYS >= 1.00       0                0.5    -0.5        1
GREATEST
 24 HR. TOTAL   0.81   10/20 TO 10/21               1.56

SNOWFALL (INCHES)
RECORDS
 TOTAL           2.0   1989
TOTALS           0.0                0.2    -0.2      0.0
SINCE 7/1        0.0                0.2    -0.2        0
DAYS >= 1.0        0                0.1    -0.1        0
GREATEST
 24 HR TOTAL     0.0

DEGREE DAYS
HEATING TOTAL    381                402     -21      301
 SINCE 7/1       455                527     -72      391
COOLING TOTAL      5                  9      -4       22
 SINCE 1/1      1115                793     322       57
..............................................................

WIND (MPH)
AVERAGE WIND SPEED              7.7
HIGHEST WIND SPEED/DIRECTION    32/270    DATE  10/01
HIGHEST GUST SPEED/DIRECTION    42/260    DATE  10/01

SKY COVER
AVERAGE SKY COVER           0.52

AVERAGE RH (PERCENT)     66

WEATHER CONDITIONS. NUMBER OF DAYS WITH
THUNDERSTORM              3     MIXED PRECIP               0
HEAVY RAIN                4     RAIN                       7
LIGHT RAIN               16     FREEZING RAIN              0
LT FREEZING RAIN          0     HAIL                       0
HEAVY SNOW                0     SNOW                       0
LIGHT SNOW                0     SLEET                      0
FOG                      11     FOG W/VIS <= 1/4 MILE      1
HAZE                      6

-  INDICATES NEGATIVE NUMBERS.
R  INDICATES RECORD WAS SET OR TIED.
MM INDICATES DATA IS MISSING.
T  INDICATES TRACE AMOUNT.

$$
