000
CXUS55 KLKN 041126
CLMTPH


CLIMATE REPORT
NATIONAL WEATHER SERVICE ELKO NV
321 AM PST WED NOV 4 2020

...................................

...THE TONOPAH AIRPORT NV CLIMATE SUMMARY FOR THE MONTH OF OCTOBER 2020...

CLIMATE NORMAL PERIOD 1981 TO 2010
CLIMATE RECORD PERIOD 1954 TO 2020

WEATHER         OBSERVED          NORMAL  DEPART  LAST YEAR`S
                 VALUE   DATE(S)  VALUE   FROM    VALUE  DATE(S)
                                          NORMAL
................................................................
TEMPERATURE (F)
RECORD
 HIGH              89   10/01/2020
                        10/08/1996
                        10/04/1980
 LOW               10   10/30/2019
HIGHEST            89R  10/01        81       8       79  10/08
LOWEST             20   10/26        25      -5       10  10/30
AVG. MAXIMUM     75.2              68.1     7.1     64.5
AVG. MINIMUM     39.3              37.5     1.8     32.2
MEAN             57.2              52.8     4.4     48.3
DAYS MAX >= 90      0               0.0     0.0        0
DAYS MAX <= 32      0               0.0     0.0        0
DAYS MIN <= 32      6               5.4     0.6       14
DAYS MIN <= 0       0               0.0     0.0        0

PRECIPITATION (INCHES)
RECORD
 MAXIMUM         2.96   2015
 MINIMUM         0.00   2019
                        2017
                        2014
TOTALS           0.00R             0.34   -0.34     0.00
DAILY AVG.       0.00              0.01   -0.01     0.00
DAYS >= .01         0               2.2    -2.2        0
DAYS >= .10         0               1.1    -1.1        0
DAYS >= .50         0               0.1    -0.1        0
DAYS >= 1.00        0               0.0     0.0        0
GREATEST
 24 HR. TOTAL    0.00   10/31 TO 10/31              0.00
                        10/30 TO 10/30
                        10/29 TO 10/29

DEGREE_DAYS
HEATING TOTAL     244               381    -137      511
 SINCE 7/1        259               472    -213      613
COOLING TOTAL      11                 2       9        0
 SINCE 1/1       1111               783     328      854
.................................................................

WIND (MPH)
AVERAGE WIND SPEED              10.1
HIGHEST WIND SPEED/DIRECTION    41/330    DATE  10/25
HIGHEST GUST SPEED/DIRECTION    53/320    DATE  10/25

AVERAGE RH (PERCENT)     20

WEATHER CONDITIONS. NUMBER OF DAYS WITH
THUNDERSTORM              0     MIXED PRECIP               0
HEAVY RAIN                0     RAIN                       0
LIGHT RAIN                0     FREEZING RAIN              0
LT FREEZING RAIN          0     HAIL                       0
HEAVY SNOW                0     SNOW                       0
LIGHT SNOW                0     SLEET                      0
FOG                       0     FOG W/VIS <= 1/4 MILE      0
HAZE                      2

-  INDICATES NEGATIVE NUMBERS.
R  INDICATES RECORD WAS SET OR TIED.
MM INDICATES DATA IS MISSING.
T  INDICATES TRACE AMOUNT.



&&

=====================================================================

...OCTOBER 2020 WAS THE 5TH WARMEST AND DRIEST IN TONOPAH FOR PERIOD
OF RECORD...
...A RECORD HIGH TEMPERATURE OF 88 WAS TIED ON THE 2ND IN TONOPAH...
...A RECORD LOW TEMPERATURE OF 20 WAS SET ON THE 26TH IN TONOPAH...

THE AVERAGE TEMPERATURE IN TONOPAH DURING OCTOBER 2020 WAS 57.2
DEGREES... WHICH IS 4.4 DEGREES ABOVE THE NORMAL OF 52.8 DEGREES.
THIS MADE OCTOBER 2020 THE 5TH WARMEST ON RECORD FOR THE TONOPAH
AIRPORT. THE TOTAL PRECIPITATION WAS 0.00 ...WHICH IS 0.34 INCHES
BELOW THE NORMAL OF 0.34 INCHES. THIS MADE OCTOBER 2020 TIED FOR THE
DRIEST OCTOBER IN THE PERIOD OF RECORD. THE PERIOD OF RECORD FOR THE
TONOPAH AIRPORT BEGAN IN 1954 AND THE CLIMATOLOGICAL NORMAL IS FROM
1981-2010.

$$
