000
CXUS56 KSGX 131808
CLMTRM


CLIMATE REPORT
NATIONAL WEATHER SERVICE SAN DIEGO, CA
1007 AM PST FRI NOV 13 2020

...................................

...THE THERMAL AIRPORT CA CLIMATE SUMMARY FOR THE MONTH OF OCTOBER 2020...

CLIMATE NORMAL PERIOD 1981 TO 2010
CLIMATE RECORD PERIOD 1950 TO 2020

WEATHER         OBSERVED          NORMAL  DEPART  LAST YEAR`S
                 VALUE   DATE(S)  VALUE   FROM    VALUE  DATE(S)
                                          NORMAL
................................................................
TEMPERATURE (F)
RECORD
 HIGH             114   10/02/1980
 LOW               28   10/30/1971
HIGHEST           113   10/01        91      22      100  10/23
                                                          10/08
LOWEST             42   10/28        57     -15       32  10/31
AVG. MAXIMUM     97.0              90.8     6.2     90.9
AVG. MINIMUM     58.6              55.0     3.6     50.9
MEAN             77.8              72.9     4.9     70.9
DAYS MAX >= 90     25              17.7     7.3       21
DAYS MAX <= 32      0               0.0     0.0        0
DAYS MIN <= 32      0               0.0     0.0        1

PRECIPITATION (INCHES)
RECORD
 MAXIMUM         2.08   2005
 MINIMUM         0.00   2019
                        2017
                        2012
TOTALS           0.00R             0.23   -0.23     0.00
DAILY AVG.       0.00              0.01   -0.01     0.00
DAYS >= .01         0               1.2    -1.2        0
DAYS >= .10         0               0.5    -0.5        0
DAYS >= .50         0               0.1    -0.1        0
DAYS >= 1.00        0               0.0     0.0        0
GREATEST
 24 HR. TOTAL    0.00   10/31 TO 10/31           10/31 TO 10/31
                        10/30 TO 10/30                    10/30 TO 10/30EATHER         OBSERVED          NORMAL  DEPART  LAST YEAR`S
                        10/29 TO 10/29                    10/29 TO 10/29EATHER         OBSERVED          NORMAL  DEPART  LAST YEAR`S
 STORM TOTAL       MM                                 MM
 (MM/DD(HH))            MM                    10/31(00) TO 10/31(00)
                                                 10/30(00) TO 10/30(00)9EATHER         OBSERVED          NORMAL  DEPART  LAST YEAR`S
                                                 10/29(00) TO 10/29(00)9EATHER         OBSERVED          NORMAL  DEPART  LAST YEAR`S

DEGREE_DAYS
HEATING TOTAL       5                11      -6       33
 SINCE 7/1          5                11      -6       33
COOLING TOTAL     408               255     153      225
 SINCE 1/1       4517              3653     864     4210

FREEZE DATES
RECORD
 EARLIEST     10/30/1971
 LATEST       04/10/1999
EARLIEST                        12/02
LATEST                          02/06
.................................................................

WIND (MPH)
AVERAGE WIND SPEED              5.6
RESULTANT WIND SPEED/DIRECTION   3/334
HIGHEST WIND SPEED/DIRECTION    33/340    DATE  10/26
HIGHEST GUST SPEED/DIRECTION    40/310    DATE  10/26

SKY COVER
POSSIBLE SUNSHINE (PERCENT)   MM
AVERAGE SKY COVER           0.00
NUMBER OF DAYS FAIR           31
NUMBER OF DAYS PC              0
NUMBER OF DAYS CLOUDY          0

AVERAGE RH (PERCENT)     34

WEATHER CONDITIONS. NUMBER OF DAYS WITH
  0
  0
  0
  0
  0
  0
  0
HAZE                     15

-  INDICATES NEGATIVE NUMBERS.
R  INDICATES RECORD WAS SET OR TIED.
MM INDICATES DATA IS MISSING.
T  INDICATES TRACE AMOUNT.

$$
