000
CXUS56 KPQR 011713
CLMTTD

CLIMATE REPORT
NATIONAL WEATHER SERVICE
913 AM PST TUE DEC 01 2020

...................................

...THE TROUTDALE OR CLIMATE SUMMARY FOR THE MONTH OF NOVEMBER 2020...

CLIMATE NORMAL PERIOD 1981 TO 2010
CLIMATE RECORD PERIOD 1948 TO 2020

WEATHER         OBSERVED          NORMAL  DEPART   LAST YEAR`S
                VALUE   DATE(S)   VALUE   FROM     VALUE DATE(S)
                                          NORMAL
................................................................
TEMPERATURE (F)
HIGHEST           69                                  64  11/06
LOWEST            28                                  29  11/23
AVG. MAXIMUM    53.8               52.5     1.3     53.6
AVG. MINIMUM    40.6               38.7     1.9     40.7
MEAN            47.2               45.6     1.6     47.2
DAYS MAX >= 90     0                0.0     0.0        0
DAYS MAX <= 32     0                0.1    -0.1        0
DAYS MIN <= 32     3                4.2    -1.2        3
DAYS MIN <= 0      0                0.0     0.0        0

PRECIPITATION (INCHES)
RECORD
 MAXIMUM        5.07   2020
 MINIMUM        5.07   2020
TOTALS          5.07R              7.28   -2.21     1.62
DAYS >= .01       20               19.1     0.9       10
DAYS >= .10       13               15.0    -2.0        6
DAYS >= .50        4                4.4    -0.4        1
DAYS >= 1.00       0                1.2    -1.2        0
GREATEST
 24 HR. TOTAL   0.86   11/12 TO 11/13


DEGREE DAYS
HEATING TOTAL    523                582     -59      527
 SINCE 7/1       867               1101    -234     1027
COOLING TOTAL      0                  0       0        0
 SINCE 1/1       520                340              453
................................................................

WIND (MPH)
AVERAGE WIND SPEED              7.0
RESULTANT WIND SPEED/DIRECTION   4/120
HIGHEST WIND SPEED/DIRECTION    33/080    DATE  11/16
HIGHEST GUST SPEED/DIRECTION    42/080    DATE  11/16

SKY COVER
POSSIBLE SUNSHINE (PERCENT)   MM
AVERAGE SKY COVER           0.67
NUMBER OF DAYS FAIR            3
NUMBER OF DAYS PC             12
NUMBER OF DAYS CLOUDY         15

AVERAGE RH (PERCENT)     81

WEATHER CONDITIONS. NUMBER OF DAYS WITH
THUNDERSTORM              1     MIXED PRECIP               0
HEAVY RAIN                4     RAIN                      11
LIGHT RAIN               22     FREEZING RAIN              0
LT FREEZING RAIN          0     HAIL                       0
HEAVY SNOW                0     SNOW                       0
LIGHT SNOW                0     SLEET                      0
FOG                      27     FOG W/VIS <= 1/4 MILE      4
HAZE                      1

-  INDICATES NEGATIVE NUMBERS.
R  INDICATES RECORD WAS SET OR TIED.
MM INDICATES DATA IS MISSING.
T  INDICATES TRACE AMOUNT.

$$
