316
CXUS51 KPHI 011404
CLMTTN

CLIMATE REPORT
NATIONAL WEATHER SERVICE MOUNT HOLLY NJ
904 AM EST SUN NOV 01 2020

...................................

...THE TRENTON NJ CLIMATE SUMMARY FOR THE MONTH OF OCTOBER 2020...

CLIMATE NORMAL PERIOD: 1981 TO 2010
CLIMATE RECORD PERIOD: 1865 TO 2020

WEATHER         OBSERVED          NORMAL  DEPART   LAST YEAR`S
                VALUE   DATE(S)   VALUE   FROM     VALUE
                                          NORMAL
..............................................................
TEMPERATURE (F)
RECORD
 HIGH             94   10/05/1941
 LOW              22   10/31/1988
                       10/29/1985
HIGHEST           77                 MM      MM       93
LOWEST            28                 MM      MM       32
AVG. MAXIMUM    64.9               65.0    -0.1     67.3
AVG. MINIMUM    47.2               44.2     3.0     49.2
MEAN            56.0               54.6     1.4     58.2
DAYS MAX >= 90     0                0.0     0.0        1
DAYS MAX <= 32     0                0.0     0.0        0
DAYS MIN <= 32     1                1.3    -0.3        1
DAYS MIN <= 0      0                0.0     0.0        0

PRECIPITATION (INCHES)
RECORD
 MAXIMUM        9.92   2005
 MINIMUM        0.05   1963
TOTALS          4.26               4.18    0.08     5.24
DAILY AVG.      0.14               0.13    0.01     0.17
DAYS >= .01       12                 MM      MM       13
DAYS >= .10        5                 MM      MM       10
DAYS >= .50        3                 MM      MM        4
DAYS >= 1.00       1                 MM      MM        2
GREATEST
 24 HR. TOTAL   1.67   10/29 TO 10/30               1.31


DEGREE DAYS
HEATING TOTAL    271                332     -61      229
 SINCE 7/1       338                397     -59      247
COOLING TOTAL      4                 10      -6       27
 SINCE 1/1      1190                965     225     1164
..............................................................

WIND (MPH)
AVERAGE WIND SPEED              5.9
HIGHEST WIND SPEED/DIRECTION    23/030    DATE  10/29
HIGHEST GUST SPEED/DIRECTION    32/030    DATE  10/29

SKY COVER
POSSIBLE SUNSHINE (PERCENT)   MM
AVERAGE SKY COVER           0.48
NUMBER OF DAYS FAIR           14
NUMBER OF DAYS PC              5
NUMBER OF DAYS CLOUDY         12

AVERAGE RH (PERCENT)     79

WEATHER CONDITIONS. NUMBER OF DAYS WITH
THUNDERSTORM              0     MIXED PRECIP               0
HEAVY RAIN                4     RAIN                       5
LIGHT RAIN               16     FREEZING RAIN              0
LT FREEZING RAIN          0     HEAVY SNOW                 0
SNOW                      0     LIGHT SNOW                 0
SLEET                     0     FOG                       21
FOG W/VIS <= 1/4 MILE     5     HAZE                       0

-  INDICATES NEGATIVE NUMBERS.
R  INDICATES RECORD WAS SET OR TIED.
MM INDICATES DATA IS MISSING.
T  INDICATES TRACE AMOUNT.

$$
