000
CXUS54 KTSA 011200
CLMTUL

CLIMATE REPORT
NATIONAL WEATHER SERVICE TULSA OK
655 AM CST SUN NOV 01 2020

...................................

...THE TULSA OKLAHOMA CLIMATE SUMMARY FOR THE MONTH OF OCTOBER 2020...

CLIMATE NORMAL PERIOD 1981 TO 2010
CLIMATE RECORD PERIOD 1882 TO 2020

WEATHER         OBSERVED          NORMAL  DEPART   LAST YEAR`S
                VALUE   DATE(S)   VALUE   FROM     VALUE DATE(S)
                                          NORMAL
................................................................
TEMPERATURE (F)
RECORD
 HIGH             98   10/07/1979
                       10/06/1939
 LOW              15   10/30/1917
HIGHEST           88   10/11         74      14       92  10/02
LOWEST            33   10/26         51     -18       26  10/31
                       10/27
                       10/30
AVG. MAXIMUM    70.4               73.0    -2.6     69.0
AVG. MINIMUM    47.8               50.6    -2.8     46.8
MEAN            59.1               61.8    -2.7     57.9
DAYS MAX >= 90     0                0.3    -0.3        2
DAYS MAX <= 32     0                0.0     0.0        0
DAYS MIN <= 32     0                0.4    -0.4        2
DAYS MIN <= 0      0                0.0     0.0        0

PRECIPITATION (INCHES)
RECORD
 MAXIMUM       16.51   1941
 MINIMUM           T   1924
TOTALS          5.72               3.93    1.79     5.89
DAILY AVG.      0.18               0.13    0.06     0.19
DAYS >= .01        8                7.9     0.1       15
DAYS >= .10        5                4.5     0.5       10
DAYS >= .50        5                2.6     2.4        4
DAYS >= 1.00       2                1.3     0.7        2
GREATEST
 24 HR. TOTAL   2.19   10/26 TO 10/27

SNOWFALL (INCHES)
RECORDS
 TOTAL           0.3   1993
TOTALS           0.0                  T     0.0        T
SINCE 7/1        0.0                  T     0.0       MM
SNOWDEPTH AVG.    MM                                   0
DAYS >= 1.0        0                0.0     0.0        0
GREATEST
 SNOW DEPTH       MM                                   0  MM
 24 HR TOTAL      MM

DEGREE DAYS
HEATING TOTAL    246                162      84      263
 SINCE 7/1       255                187      68      263
COOLING TOTAL     73                 63      10       51
 SINCE 1/1      2030               2028       2     2235
................................................................

WIND (MPH)
AVERAGE WIND SPEED              9.2
HIGHEST WIND SPEED/DIRECTION    32/310    DATE  10/12
                                32/170          10/17
HIGHEST GUST SPEED/DIRECTION    45/180    DATE  10/17

SKY COVER
POSSIBLE SUNSHINE (PERCENT)   MM
AVERAGE SKY COVER           0.46
NUMBER OF DAYS FAIR           16
NUMBER OF DAYS PC              5
NUMBER OF DAYS CLOUDY         10

AVERAGE RH (PERCENT)     69

WEATHER CONDITIONS. NUMBER OF DAYS WITH
THUNDERSTORM              2     MIXED PRECIP               0
HEAVY RAIN                2     RAIN                       6
LIGHT RAIN                8     FREEZING RAIN              0
LT FREEZING RAIN          0     HAIL                       0
HEAVY SNOW                0     SNOW                       0
LIGHT SNOW                0     SLEET                      0
FOG                      13     FOG W/VIS <= 1/4 MILE      0
HAZE                      4

-  INDICATES NEGATIVE NUMBERS.
R  INDICATES RECORD WAS SET OR TIED.
MM INDICATES DATA IS MISSING.
T  INDICATES TRACE AMOUNT.

$$
